{"id":5001,"date":"2020-05-04T14:10:00","date_gmt":"2020-05-04T12:10:00","guid":{"rendered":"https:\/\/www.hagainitiativet.se\/?post_type=inlagg&#038;p=5001"},"modified":"2022-08-15T14:11:33","modified_gmt":"2022-08-15T12:11:33","slug":"vassare-utslappshandel-i-linje-med-15-gradersmalet-digitalt-frukostseminarium-19-maj-2020-2","status":"publish","type":"inlagg","link":"https:\/\/www.hagainitiativet.se\/en\/inlagg\/vassare-utslappshandel-i-linje-med-15-gradersmalet-digitalt-frukostseminarium-19-maj-2020-2\/","title":{"rendered":"Vassare utsl\u00e4ppshandel i linje med 1,5-gradersm\u00e5let, digitalt frukostseminarium 19 maj 2020"},"content":{"rendered":"","protected":false},"excerpt":{"rendered":"","protected":false},"featured_media":5003,"parent":0,"template":"","kategori":[17],"class_list":["post-5001","inlagg","type-inlagg","status-publish","has-post-thumbnail","hentry","kategori-nyheter"],"meta_box":{"show_post_en":"0","text":"<p>EU:s utsl\u00e4ppshandel (EU ETS) inkluderar cirka h\u00e4lften av EU:s utsl\u00e4pp. Det \u00e4r v\u00e4rldens skarpaste styrmedel mellan l\u00e4nder f\u00f6r att minska klimatutsl\u00e4ppen, \u00e4nd\u00e5 talas det s\u00e4llan om den i Sverige.<\/p>\n<ul>\n<li>Varf\u00f6r beh\u00f6vs en vassare utsl\u00e4ppshandel?<\/li>\n<li>Hur ser ETS ut i linje med 1,5-gradersm\u00e5let ut?<\/li>\n<li>\u00c4r EU redo f\u00f6r stora utsl\u00e4ppsminskningar inom EU ETS?<\/li>\n<\/ul>\n<p>V\u00e4lkommen p\u00e5 frukostseminarium d\u00e4r Hagainitiativet presenterar ett 14-punktsprogram f\u00f6r EU ETS i linje med 1,5-gradersm\u00e5let.<\/p>\n<p>Medverkande:<br \/>\n<strong>Jytte Guteland<\/strong>, Europaparlamentariker, ansvarig f\u00f6r revideringen av EU ETS-direktivet 2015-2017<br \/>\n<strong>Hans Bergman<\/strong>, Head of Unit in charge of benchmarking in the field of European and International Carbon Markets<br \/>\n<strong>Fredrik Hannerz<\/strong>, chef Utsl\u00e4ppshandelsenheten p\u00e5 Naturv\u00e5rdsverket<br \/>\n<strong>Ulf Wikstr\u00f6m,<\/strong>\u00a0h\u00e5llbarhetschef, Stockholm Exergi<br \/>\n<strong>Deniz Butros<\/strong>, strateg, Hagainitiativet<br \/>\n<strong>Nina Ekelund<\/strong>, generalsekreterare Hagainitiativet<\/p>\n<p>&nbsp;<\/p>\n<p><a href=\"https:\/\/www.facebook.com\/Hagainitiativet\/posts\/3237356229628872\" target=\"_blank\" rel=\"noopener\">Se s\u00e4ndningen i efterhand h\u00e4r<\/a><\/p>\n","qoute":"","name":"","title-company":""},"_links":{"self":[{"href":"https:\/\/www.hagainitiativet.se\/en\/wp-json\/wp\/v2\/inlagg\/5001","targetHints":{"allow":["GET"]}}],"collection":[{"href":"https:\/\/www.hagainitiativet.se\/en\/wp-json\/wp\/v2\/inlagg"}],"about":[{"href":"https:\/\/www.hagainitiativet.se\/en\/wp-json\/wp\/v2\/types\/inlagg"}],"wp:featuredmedia":[{"embeddable":true,"href":"https:\/\/www.hagainitiativet.se\/en\/wp-json\/wp\/v2\/media\/5003"}],"wp:attachment":[{"href":"https:\/\/www.hagainitiativet.se\/en\/wp-json\/wp\/v2\/media?parent=5001"}],"wp:term":[{"taxonomy":"kategori","embeddable":true,"href":"https:\/\/www.hagainitiativet.se\/en\/wp-json\/wp\/v2\/kategori?post=5001"}],"curies":[{"name":"wp","href":"https:\/\/api.w.org\/{rel}","templated":true}]}}

Vassare utsläppshandel i linje med 1,5-gradersmålet, digitalt frukostseminarium 19 maj 2020

<p>EU:s utsläppshandel (EU ETS) inkluderar cirka hälften av EU:s utsläpp. Det är världens skarpaste styrmedel mellan länder för att minska klimatutsläppen, ändå talas det sällan om den i Sverige.</p>
<ul>
<li>Varför behövs en vassare utsläppshandel?</li>
<li>Hur ser ETS ut i linje med 1,5-gradersmålet ut?</li>
<li>Är EU redo för stora utsläppsminskningar inom EU ETS?</li>
</ul>
<p>Välkommen på frukostseminarium där Hagainitiativet presenterar ett 14-punktsprogram för EU ETS i linje med 1,5-gradersmålet.</p>
<p>Medverkande:<br />
<strong>Jytte Guteland</strong>, Europaparlamentariker, ansvarig för revideringen av EU ETS-direktivet 2015-2017<br />
<strong>Hans Bergman</strong>, Head of Unit in charge of benchmarking in the field of European and International Carbon Markets<br />
<strong>Fredrik Hannerz</strong>, chef Utsläppshandelsenheten på Naturvårdsverket<br />
<strong>Ulf Wikström,</strong> hållbarhetschef, Stockholm Exergi<br />
<strong>Deniz Butros</strong>, strateg, Hagainitiativet<br />
<strong>Nina Ekelund</strong>, generalsekreterare Hagainitiativet</p>
<p>&nbsp;</p>
<p><a href="https://www.facebook.com/Hagainitiativet/posts/3237356229628872" target="_blank" rel="noopener">Se sändningen i efterhand här</a></p>
