{"id":5012,"date":"2020-03-30T14:31:00","date_gmt":"2020-03-30T12:31:00","guid":{"rendered":"https:\/\/www.hagainitiativet.se\/?post_type=inlagg&#038;p=5012"},"modified":"2022-08-15T14:32:19","modified_gmt":"2022-08-15T12:32:19","slug":"missade-du-frukostseminariet-fran-klimatmal-till-halveringsmal-2","status":"publish","type":"inlagg","link":"https:\/\/www.hagainitiativet.se\/en\/inlagg\/missade-du-frukostseminariet-fran-klimatmal-till-halveringsmal-2\/","title":{"rendered":"Missade du frukostseminariet Fr\u00e5n klimatm\u00e5l till halveringsm\u00e5l"},"content":{"rendered":"","protected":false},"excerpt":{"rendered":"","protected":false},"featured_media":5014,"parent":0,"template":"","kategori":[17],"class_list":["post-5012","inlagg","type-inlagg","status-publish","has-post-thumbnail","hentry","kategori-nyheter"],"meta_box":{"show_post_en":"0","text":"<p>Endast 19 av 100 stora bolag p\u00e5 b\u00f6rsen har klimatambitioner i linje med 1,5-gradersm\u00e5let. Vad \u00e4r det som g\u00f6r att vissa klarar att s\u00e4tta m\u00e5len? Rapportsl\u00e4pp fr\u00e5n Hagainitiativet. En unders\u00f6kning av Sveriges stora bolag \u2013 ambitionsindex och deras klimatm\u00e5l.<\/p>\n<p>\u2022 Vad g\u00f6r att vissa lyckas s\u00e4tta ambiti\u00f6sa m\u00e5l?<br \/>\n\u2022 Fr\u00e5n klimatm\u00e5l till halveringsm\u00e5l - vilka d\u00f6rrar \u00f6ppnas?<br \/>\n\u2022 Hur skapar f\u00f6retagen handlingskraft att genomf\u00f6ra klimatomst\u00e4llningen?<br \/>\n\u2022 Hur p\u00e5verkas f\u00f6retagens klimatarbete av coronakrisen?<\/p>\n<p>Medverkande:<br \/>\n<strong>Viveka Hirdman-Ryrberg<\/strong>, Head of Corporate Communication &amp; Sustainability, Investor<br \/>\n<strong>Ulrika Wedberg<\/strong>, Head of Sustainable Business, Sandvik Group<br \/>\n<strong>Malin Ljung Eiborn<\/strong>, h\u00e5llbarhetschef, BillerudKorsn\u00e4s<br \/>\n<strong>Claes Johansson<\/strong>, h\u00e5llbarhetschef, Lantm\u00e4nnen<br \/>\n<strong>Deniz Butros<\/strong>, strateg, Hagainitiativet<br \/>\n<strong>Nina Ekelund<\/strong>, generalsekreterare Hagainitiativet (moderator)<\/p>\n<p><a href=\"https:\/\/www.facebook.com\/Hagainitiativet\/videos\/1134600523549505\/\">Seminariet i efterhand h\u00e4r<\/a><\/p>\n<p><a href=\"https:\/\/www.hagainitiativet.se\/files\/Rapporter\/presentation-frukostsem-100-rapporten.pdf\">Presentationerna fr\u00e5n seminariet h\u00e4r<\/a><\/p>\n<p><a href=\"https:\/\/www.svd.se\/ny-rapport-4-av-5-foretag-saknar-bra-klimatplaner\">Pressmeddelandet h\u00e4r samt Artikel fr\u00e5n Svenska Dagbladet<\/a><\/p>\n","qoute":"","name":"","title-company":""},"_links":{"self":[{"href":"https:\/\/www.hagainitiativet.se\/en\/wp-json\/wp\/v2\/inlagg\/5012","targetHints":{"allow":["GET"]}}],"collection":[{"href":"https:\/\/www.hagainitiativet.se\/en\/wp-json\/wp\/v2\/inlagg"}],"about":[{"href":"https:\/\/www.hagainitiativet.se\/en\/wp-json\/wp\/v2\/types\/inlagg"}],"wp:featuredmedia":[{"embeddable":true,"href":"https:\/\/www.hagainitiativet.se\/en\/wp-json\/wp\/v2\/media\/5014"}],"wp:attachment":[{"href":"https:\/\/www.hagainitiativet.se\/en\/wp-json\/wp\/v2\/media?parent=5012"}],"wp:term":[{"taxonomy":"kategori","embeddable":true,"href":"https:\/\/www.hagainitiativet.se\/en\/wp-json\/wp\/v2\/kategori?post=5012"}],"curies":[{"name":"wp","href":"https:\/\/api.w.org\/{rel}","templated":true}]}}

Missade du frukostseminariet Från klimatmål till halveringsmål

<p>Endast 19 av 100 stora bolag på börsen har klimatambitioner i linje med 1,5-gradersmålet. Vad är det som gör att vissa klarar att sätta målen? Rapportsläpp från Hagainitiativet. En undersökning av Sveriges stora bolag – ambitionsindex och deras klimatmål.</p>
<p>• Vad gör att vissa lyckas sätta ambitiösa mål?<br />
• Från klimatmål till halveringsmål - vilka dörrar öppnas?<br />
• Hur skapar företagen handlingskraft att genomföra klimatomställningen?<br />
• Hur påverkas företagens klimatarbete av coronakrisen?</p>
<p>Medverkande:<br />
<strong>Viveka Hirdman-Ryrberg</strong>, Head of Corporate Communication &amp; Sustainability, Investor<br />
<strong>Ulrika Wedberg</strong>, Head of Sustainable Business, Sandvik Group<br />
<strong>Malin Ljung Eiborn</strong>, hållbarhetschef, BillerudKorsnäs<br />
<strong>Claes Johansson</strong>, hållbarhetschef, Lantmännen<br />
<strong>Deniz Butros</strong>, strateg, Hagainitiativet<br />
<strong>Nina Ekelund</strong>, generalsekreterare Hagainitiativet (moderator)</p>
<p><a href="https://www.facebook.com/Hagainitiativet/videos/1134600523549505/">Seminariet i efterhand här</a></p>
<p><a href="https://www.hagainitiativet.se/files/Rapporter/presentation-frukostsem-100-rapporten.pdf">Presentationerna från seminariet här</a></p>
<p><a href="https://www.svd.se/ny-rapport-4-av-5-foretag-saknar-bra-klimatplaner">Pressmeddelandet här samt Artikel från Svenska Dagbladet</a></p>
