{"id":5037,"date":"2020-01-13T14:49:00","date_gmt":"2020-01-13T13:49:00","guid":{"rendered":"https:\/\/www.hagainitiativet.se\/?post_type=inlagg&#038;p=5037"},"modified":"2022-08-15T14:49:39","modified_gmt":"2022-08-15T12:49:39","slug":"european-green-deal-whats-in-it-for-sweden-and-swedish-business-4","status":"publish","type":"inlagg","link":"https:\/\/www.hagainitiativet.se\/en\/inlagg\/european-green-deal-whats-in-it-for-sweden-and-swedish-business-4\/","title":{"rendered":"European Green Deal \u2013 What\u2019s in it for Sweden and Swedish business?"},"content":{"rendered":"","protected":false},"excerpt":{"rendered":"","protected":false},"featured_media":5017,"parent":0,"template":"","kategori":[17],"class_list":["post-5037","inlagg","type-inlagg","status-publish","has-post-thumbnail","hentry","kategori-nyheter"],"meta_box":{"show_post_en":"1","text":"<p>Welcome to this breakfast seminar on the\u00a0<i>European Green Deal<\/i>, the EU's new growth strategy. Among other things, we will discuss:<br \/>\nWhat does the\u00a0<em>European Green Deal<\/em>\u00a0mean for climate change and as a net-zero emission engine? In what way will the\u00a0<em>European Green Deal<\/em>\u00a0be able to stimulate investment in sustainable solutions and technologies? How is geopolitics affected \u2013 how will China and the US act? Does the EGD stimulate new business models - what is missing to further increase the ambition? How can we use the EGD in Sweden to give the ongoing transformation in energy and circular economy a boost?<\/p>\n<p>The seminar is held in English and is a collaboration between the Haga Initiative and the research program Mistra Geopolitics.<\/p>\n<p>More information on the\u00a0<i>European Green Deal<\/i>\u00a0<a href=\"https:\/\/ec.europa.eu\/info\/strategy\/priorities-2019-2024\/european-green-deal_en\">here<\/a>.<\/p>\n<p><strong>Time:<\/strong>\u00a029 January 2020, 8.00\u00a0am \u2013 10.00 am (presentations starts at 8.15)<br \/>\n<strong>Place:<\/strong>\u00a0Skeppsbron 10, Gamla stan\/Old Town, Stockholm<br \/>\n<strong>Organizers:<\/strong>\u00a0the Haga Initiative and the research program Mistra Geopolitics.<br \/>\n<strong>Twitter:<\/strong>\u00a0#EuropeanGreenDeal<\/p>\n<p><strong>This seminar will be broadcasted\u00a0<a href=\"https:\/\/www.facebook.com\/Hagainitiativet\/posts\/2988217117876119\">live<\/a>.<\/strong><\/p>\n<p><strong>Participants:<\/strong><br \/>\nAnnika Korzinek, Deputy Head of the European Commission Representation in Sweden<br \/>\nMia Pantzar, Senior Analyst at IEEP, Institute for European Environmental Policy<br \/>\nRonan Palmer, Head of Clean Economy Program at the think tank E3G<br \/>\nAlarik Sandrup, Director Public and Regulatory Affairs, Lantm\u00e4nnen and President of ePURE, the European Renewable Ethanol Association<br \/>\nBj\u00f6rn-Ola Linn\u00e9r, Professor of Environmetal Change, Link\u00f6ping University<br \/>\n\u00c5sa Persson, Research Director and Deputy Director at Stockholm Environment Institute<\/p>\n<p><strong>Moderators:<\/strong><br \/>\nNina Ekelund, Haga Initiative<br \/>\nRobert Watt, Stockholm Environment Institute<\/p>\n<p><a href=\"https:\/\/www.eventbrite.com\/e\/european-green-deal-whats-in-it-for-sweden-and-swedish-business-tickets-89562677379\">Sign up h<\/a><a href=\"https:\/\/www.eventbrite.com\/e\/european-green-deal-whats-in-it-for-sweden-and-swedish-business-tickets-89562677379\">ere<\/a><\/p>\n","qoute":"","name":"","title-company":""},"_links":{"self":[{"href":"https:\/\/www.hagainitiativet.se\/en\/wp-json\/wp\/v2\/inlagg\/5037","targetHints":{"allow":["GET"]}}],"collection":[{"href":"https:\/\/www.hagainitiativet.se\/en\/wp-json\/wp\/v2\/inlagg"}],"about":[{"href":"https:\/\/www.hagainitiativet.se\/en\/wp-json\/wp\/v2\/types\/inlagg"}],"wp:featuredmedia":[{"embeddable":true,"href":"https:\/\/www.hagainitiativet.se\/en\/wp-json\/wp\/v2\/media\/5017"}],"wp:attachment":[{"href":"https:\/\/www.hagainitiativet.se\/en\/wp-json\/wp\/v2\/media?parent=5037"}],"wp:term":[{"taxonomy":"kategori","embeddable":true,"href":"https:\/\/www.hagainitiativet.se\/en\/wp-json\/wp\/v2\/kategori?post=5037"}],"curies":[{"name":"wp","href":"https:\/\/api.w.org\/{rel}","templated":true}]}}

<p>Welcome to this breakfast seminar on the <i>European Green Deal</i>, the EU's new growth strategy. Among other things, we will discuss:<br />
What does the <em>European Green Deal</em> mean for climate change and as a net-zero emission engine? In what way will the <em>European Green Deal</em> be able to stimulate investment in sustainable solutions and technologies? How is geopolitics affected – how will China and the US act? Does the EGD stimulate new business models - what is missing to further increase the ambition? How can we use the EGD in Sweden to give the ongoing transformation in energy and circular economy a boost?</p>
<p>The seminar is held in English and is a collaboration between the Haga Initiative and the research program Mistra Geopolitics.</p>
<p>More information on the <i>European Green Deal</i> <a href="https://ec.europa.eu/info/strategy/priorities-2019-2024/european-green-deal_en">here</a>.</p>
<p><strong>Time:</strong> 29 January 2020, 8.00 am – 10.00 am (presentations starts at 8.15)<br />
<strong>Place:</strong> Skeppsbron 10, Gamla stan/Old Town, Stockholm<br />
<strong>Organizers:</strong> the Haga Initiative and the research program Mistra Geopolitics.<br />
<strong>Twitter:</strong> #EuropeanGreenDeal</p>
<p><strong>This seminar will be broadcasted <a href="https://www.facebook.com/Hagainitiativet/posts/2988217117876119">live</a>.</strong></p>
<p><strong>Participants:</strong><br />
Annika Korzinek, Deputy Head of the European Commission Representation in Sweden<br />
Mia Pantzar, Senior Analyst at IEEP, Institute for European Environmental Policy<br />
Ronan Palmer, Head of Clean Economy Program at the think tank E3G<br />
Alarik Sandrup, Director Public and Regulatory Affairs, Lantmännen and President of ePURE, the European Renewable Ethanol Association<br />
Björn-Ola Linnér, Professor of Environmetal Change, Linköping University<br />
Åsa Persson, Research Director and Deputy Director at Stockholm Environment Institute</p>
<p><strong>Moderators:</strong><br />
Nina Ekelund, Haga Initiative<br />
Robert Watt, Stockholm Environment Institute</p>
<p><a href="https://www.eventbrite.com/e/european-green-deal-whats-in-it-for-sweden-and-swedish-business-tickets-89562677379">Sign up h</a><a href="https://www.eventbrite.com/e/european-green-deal-whats-in-it-for-sweden-and-swedish-business-tickets-89562677379">ere</a></p>
