{"id":6037,"date":"2022-09-10T19:35:46","date_gmt":"2022-09-10T17:35:46","guid":{"rendered":"https:\/\/www.hagainitiativet.se\/?post_type=inlagg&#038;p=6037"},"modified":"2022-09-10T19:45:59","modified_gmt":"2022-09-10T17:45:59","slug":"nyhetsbrev-september-5","status":"publish","type":"inlagg","link":"https:\/\/www.hagainitiativet.se\/en\/inlagg\/nyhetsbrev-september-5\/","title":{"rendered":"Nyhetsbrev september"},"content":{"rendered":"","protected":false},"excerpt":{"rendered":"","protected":false},"featured_media":6039,"parent":0,"template":"","kategori":[15],"class_list":["post-6037","inlagg","type-inlagg","status-publish","has-post-thumbnail","hentry","kategori-nyhetsbrev"],"meta_box":{"show_post_en":"0","text":"<p>Klimatomst\u00e4llningen m\u00e5ste tas p\u00e5 allvar<\/p>\n<ul>\n<li>Debattartikel: Det beh\u00f6vs omtag i klimatpolitiken<\/li>\n<li>Intervju med Cecilia Hermansson, ny ordf\u00f6rande i Klimatpolitika r\u00e5det<\/li>\n<li>Intervju med Tomas K\u00e5berger, ny ordf\u00f6rande i Delegationen f\u00f6r cirkul\u00e4r ekonomi<\/li>\n<li>Ny rapport: Dags f\u00f6r omtag i klimatpolitiken<\/li>\n<li>Seminarium: N\u00e4ringslivet vill se omtag i klimatpolitiken<\/li>\n<li>F\u00f6retagsnyheter<\/li>\n<\/ul>\n<p>L\u00e4s nyhetsbrevet <a href=\"http:\/\/mailchi.mp\/hagainitiativet\/nyhetsbrev-september2022-7284321\">h\u00e4r<\/a><\/p>\n","qoute":"","name":"","title-company":""},"_links":{"self":[{"href":"https:\/\/www.hagainitiativet.se\/en\/wp-json\/wp\/v2\/inlagg\/6037","targetHints":{"allow":["GET"]}}],"collection":[{"href":"https:\/\/www.hagainitiativet.se\/en\/wp-json\/wp\/v2\/inlagg"}],"about":[{"href":"https:\/\/www.hagainitiativet.se\/en\/wp-json\/wp\/v2\/types\/inlagg"}],"wp:featuredmedia":[{"embeddable":true,"href":"https:\/\/www.hagainitiativet.se\/en\/wp-json\/wp\/v2\/media\/6039"}],"wp:attachment":[{"href":"https:\/\/www.hagainitiativet.se\/en\/wp-json\/wp\/v2\/media?parent=6037"}],"wp:term":[{"taxonomy":"kategori","embeddable":true,"href":"https:\/\/www.hagainitiativet.se\/en\/wp-json\/wp\/v2\/kategori?post=6037"}],"curies":[{"name":"wp","href":"https:\/\/api.w.org\/{rel}","templated":true}]}}

<p>Klimatomställningen måste tas på allvar</p>
<ul>
<li>Debattartikel: Det behövs omtag i klimatpolitiken</li>
<li>Intervju med Cecilia Hermansson, ny ordförande i Klimatpolitika rådet</li>
<li>Intervju med Tomas Kåberger, ny ordförande i Delegationen för cirkulär ekonomi</li>
<li>Ny rapport: Dags för omtag i klimatpolitiken</li>
<li>Seminarium: Näringslivet vill se omtag i klimatpolitiken</li>
<li>Företagsnyheter</li>
</ul>
<p>Läs nyhetsbrevet <a href="http://mailchi.mp/hagainitiativet/nyhetsbrev-september2022-7284321">här</a></p>
