{"id":6128,"date":"2022-09-23T13:57:00","date_gmt":"2022-09-23T11:57:00","guid":{"rendered":"https:\/\/www.hagainitiativet.se\/?post_type=inlagg&#038;p=6128"},"modified":"2022-10-14T13:58:35","modified_gmt":"2022-10-14T11:58:35","slug":"aktuell-hallbarhet-fredagskommentaren-har-ar-de-basta-miljo-och-klimattwittrarna-just-nu","status":"publish","type":"inlagg","link":"https:\/\/www.hagainitiativet.se\/en\/inlagg\/aktuell-hallbarhet-fredagskommentaren-har-ar-de-basta-miljo-och-klimattwittrarna-just-nu\/","title":{"rendered":"Aktuell H\u00e5llbarhet: Fredagskommentaren: H\u00e4r \u00e4r de b\u00e4sta milj\u00f6- och klimattwittrarna just nu"},"content":{"rendered":"","protected":false},"excerpt":{"rendered":"","protected":false},"featured_media":0,"parent":0,"template":"","kategori":[31],"class_list":["post-6128","inlagg","type-inlagg","status-publish","hentry","kategori-artiklar"],"meta_box":{"show_post_en":"0","text":"<p>L\u00e4s artikeln <a href=\"https:\/\/www.aktuellhallbarhet.se\/miljo\/klimat\/fredagskommentaren-har-ar-de-basta-miljo-och-klimattwittrarna-just-nu\/\">h\u00e4r<\/a>.<\/p>\n","qoute":"","name":"","title-company":""},"_links":{"self":[{"href":"https:\/\/www.hagainitiativet.se\/en\/wp-json\/wp\/v2\/inlagg\/6128","targetHints":{"allow":["GET"]}}],"collection":[{"href":"https:\/\/www.hagainitiativet.se\/en\/wp-json\/wp\/v2\/inlagg"}],"about":[{"href":"https:\/\/www.hagainitiativet.se\/en\/wp-json\/wp\/v2\/types\/inlagg"}],"wp:attachment":[{"href":"https:\/\/www.hagainitiativet.se\/en\/wp-json\/wp\/v2\/media?parent=6128"}],"wp:term":[{"taxonomy":"kategori","embeddable":true,"href":"https:\/\/www.hagainitiativet.se\/en\/wp-json\/wp\/v2\/kategori?post=6128"}],"curies":[{"name":"wp","href":"https:\/\/api.w.org\/{rel}","templated":true}]}}

Aktuell Hållbarhet: Fredagskommentaren: Här är de bästa miljö- och klimattwittrarna just nu

<p>Läs artikeln <a href="https://www.aktuellhallbarhet.se/miljo/klimat/fredagskommentaren-har-ar-de-basta-miljo-och-klimattwittrarna-just-nu/">här</a>.</p>
