{"id":6140,"date":"2022-03-02T14:09:00","date_gmt":"2022-03-02T13:09:00","guid":{"rendered":"https:\/\/www.hagainitiativet.se\/?post_type=inlagg&#038;p=6140"},"modified":"2022-10-17T08:34:10","modified_gmt":"2022-10-17T06:34:10","slug":"dagens-infrastruktur-debatt-sank-inte-ambitionerna-for-transportsektorns-klimatomstallning","status":"publish","type":"inlagg","link":"https:\/\/www.hagainitiativet.se\/en\/inlagg\/dagens-infrastruktur-debatt-sank-inte-ambitionerna-for-transportsektorns-klimatomstallning\/","title":{"rendered":"Dagens infrastruktur: \u201dS\u00e4nk inte ambitionerna f\u00f6r transportsektorns klimatomst\u00e4llning\u201d"},"content":{"rendered":"","protected":false},"excerpt":{"rendered":"","protected":false},"featured_media":0,"parent":0,"template":"","kategori":[31],"class_list":["post-6140","inlagg","type-inlagg","status-publish","hentry","kategori-artiklar"],"meta_box":{"show_post_en":"0","text":"<p>L\u00e4s artikeln <a href=\"https:\/\/www.dagensinfrastruktur.se\/2022\/03\/02\/debatt-sank-inte-ambitionerna-for-transportsektorns-klimatomstallning\/\">h\u00e4r<\/a>.<\/p>\n","qoute":"","name":"","title-company":""},"_links":{"self":[{"href":"https:\/\/www.hagainitiativet.se\/en\/wp-json\/wp\/v2\/inlagg\/6140","targetHints":{"allow":["GET"]}}],"collection":[{"href":"https:\/\/www.hagainitiativet.se\/en\/wp-json\/wp\/v2\/inlagg"}],"about":[{"href":"https:\/\/www.hagainitiativet.se\/en\/wp-json\/wp\/v2\/types\/inlagg"}],"wp:attachment":[{"href":"https:\/\/www.hagainitiativet.se\/en\/wp-json\/wp\/v2\/media?parent=6140"}],"wp:term":[{"taxonomy":"kategori","embeddable":true,"href":"https:\/\/www.hagainitiativet.se\/en\/wp-json\/wp\/v2\/kategori?post=6140"}],"curies":[{"name":"wp","href":"https:\/\/api.w.org\/{rel}","templated":true}]}}

Dagens infrastruktur: ”Sänk inte ambitionerna för transportsektorns klimatomställning”

<p>Läs artikeln <a href="https://www.dagensinfrastruktur.se/2022/03/02/debatt-sank-inte-ambitionerna-for-transportsektorns-klimatomstallning/">här</a>.</p>
