{"id":6147,"date":"2022-10-19T12:40:29","date_gmt":"2022-10-19T10:40:29","guid":{"rendered":"https:\/\/www.hagainitiativet.se\/?post_type=inlagg&#038;p=6147"},"modified":"2023-01-18T12:41:02","modified_gmt":"2023-01-18T11:41:02","slug":"webinarium-bolagen-pa-borsen-hojer-ambitionerna-fler-foretag-satter-klimatmal","status":"publish","type":"inlagg","link":"https:\/\/www.hagainitiativet.se\/en\/inlagg\/webinarium-bolagen-pa-borsen-hojer-ambitionerna-fler-foretag-satter-klimatmal\/","title":{"rendered":"Webbinarium: Bolagen p\u00e5 b\u00f6rsen h\u00f6jer ambitionerna &#8211; fler f\u00f6retag s\u00e4tter klimatm\u00e5l"},"content":{"rendered":"","protected":false},"excerpt":{"rendered":"","protected":false},"featured_media":6149,"parent":0,"template":"","kategori":[16],"class_list":["post-6147","inlagg","type-inlagg","status-publish","has-post-thumbnail","hentry","kategori-seminarier"],"meta_box":{"show_post_en":"0","text":"<p><b data-stringify-type=\"bold\">N\u00e4r<\/b>: 8 november 08.00 - 08.45<br \/>\n<b data-stringify-type=\"bold\">Var:<\/b> Webinarium (<a href=\"https:\/\/us02web.zoom.us\/j\/83238114707\">l\u00e4nk<\/a>)<br \/>\n<b data-stringify-type=\"bold\">Arrang\u00f6r:<\/b> Hagainitiativet<\/p>\n<p>F\u00f6r tredje \u00e5ret i rad unders\u00f6ker Hagainitiativet vilka av b\u00f6rsens 128 stora bolag som har m\u00e5l att halvera sina utsl\u00e4pp till 2030 i enlighet med 1,5-gradersm\u00e5let, Ambitionsindex 2022.<\/p>\n<p>2020, n\u00e4r Hagainitiativet b\u00f6rjade unders\u00f6ka de stora bolagens ambitioner om att halvera utsl\u00e4ppen till 2030, hade endast 20 bolag satt halveringsm\u00e5l och i \u00e5rets unders\u00f6kning har antalet bolag med halveringsm\u00e5l \u00f6kat markant. Missa inte \u00e5rets lanseringswebinarium.<\/p>\n<p><strong>Medverkande:<\/strong><br \/>\nFredrik Nilz\u00e9n, Head of Group Sustainability, Swedbank<br \/>\nMaria Sandell, h\u00e5llbarhetschef, JM<br \/>\nElisabet Stadler, milj\u00f6chef, Peabkoncernen<br \/>\n\u00c5sa Persson, forskningschef, Stockholm Environmental Institute och docent vid Link\u00f6pings universitet<br \/>\nMalin Redmo, projektledare, Hagainitiativet<br \/>\nCaroline Gr\u00e4nsbo, projektledare, Hagainitiativet<br \/>\nNina Ekelund, generalsekreterare, Hagainitiativet (moderator)<\/p>\n<p>Anm\u00e4l dig <a href=\"https:\/\/www.eventbrite.com\/e\/bolagen-pa-borsen-hojer-ambitionerna-fler-foretag-satter-klimatmal-tickets-442632865817\">h\u00e4r<\/a><\/p>\n<p>Se webinariet <a href=\"https:\/\/www.youtube.com\/watch?v=-sfWlztW_wk\">h\u00e4r<\/a>.<\/p>\n","qoute":"","name":"","title-company":""},"_links":{"self":[{"href":"https:\/\/www.hagainitiativet.se\/en\/wp-json\/wp\/v2\/inlagg\/6147","targetHints":{"allow":["GET"]}}],"collection":[{"href":"https:\/\/www.hagainitiativet.se\/en\/wp-json\/wp\/v2\/inlagg"}],"about":[{"href":"https:\/\/www.hagainitiativet.se\/en\/wp-json\/wp\/v2\/types\/inlagg"}],"wp:featuredmedia":[{"embeddable":true,"href":"https:\/\/www.hagainitiativet.se\/en\/wp-json\/wp\/v2\/media\/6149"}],"wp:attachment":[{"href":"https:\/\/www.hagainitiativet.se\/en\/wp-json\/wp\/v2\/media?parent=6147"}],"wp:term":[{"taxonomy":"kategori","embeddable":true,"href":"https:\/\/www.hagainitiativet.se\/en\/wp-json\/wp\/v2\/kategori?post=6147"}],"curies":[{"name":"wp","href":"https:\/\/api.w.org\/{rel}","templated":true}]}}

Webbinarium: Bolagen på börsen höjer ambitionerna &#8211; fler företag sätter klimatmål

<p><b data-stringify-type="bold">När</b>: 8 november 08.00 - 08.45<br />
<b data-stringify-type="bold">Var:</b> Webinarium (<a href="https://us02web.zoom.us/j/83238114707">länk</a>)<br />
<b data-stringify-type="bold">Arrangör:</b> Hagainitiativet</p>
<p>För tredje året i rad undersöker Hagainitiativet vilka av börsens 128 stora bolag som har mål att halvera sina utsläpp till 2030 i enlighet med 1,5-gradersmålet, Ambitionsindex 2022.</p>
<p>2020, när Hagainitiativet började undersöka de stora bolagens ambitioner om att halvera utsläppen till 2030, hade endast 20 bolag satt halveringsmål och i årets undersökning har antalet bolag med halveringsmål ökat markant. Missa inte årets lanseringswebinarium.</p>
<p><strong>Medverkande:</strong><br />
Fredrik Nilzén, Head of Group Sustainability, Swedbank<br />
Maria Sandell, hållbarhetschef, JM<br />
Elisabet Stadler, miljöchef, Peabkoncernen<br />
Åsa Persson, forskningschef, Stockholm Environmental Institute och docent vid Linköpings universitet<br />
Malin Redmo, projektledare, Hagainitiativet<br />
Caroline Gränsbo, projektledare, Hagainitiativet<br />
Nina Ekelund, generalsekreterare, Hagainitiativet (moderator)</p>
<p>Anmäl dig <a href="https://www.eventbrite.com/e/bolagen-pa-borsen-hojer-ambitionerna-fler-foretag-satter-klimatmal-tickets-442632865817">här</a></p>
<p>Se webinariet <a href="https://www.youtube.com/watch?v=-sfWlztW_wk">här</a>.</p>
