{"id":6589,"date":"2023-02-27T08:27:33","date_gmt":"2023-02-27T07:27:33","guid":{"rendered":"https:\/\/www.hagainitiativet.se\/?post_type=inlagg&#038;p=6589"},"modified":"2023-02-27T08:27:35","modified_gmt":"2023-02-27T07:27:35","slug":"aftonbladet-sankt-reduktionsplikt-forsvarar-for-foretagen","status":"publish","type":"inlagg","link":"https:\/\/www.hagainitiativet.se\/en\/inlagg\/aftonbladet-sankt-reduktionsplikt-forsvarar-for-foretagen\/","title":{"rendered":"Aftonbladet: S\u00e4nkt reduktionsplikt f\u00f6rsv\u00e5rar f\u00f6r f\u00f6retagen"},"content":{"rendered":"","protected":false},"excerpt":{"rendered":"","protected":false},"featured_media":0,"parent":0,"template":"","kategori":[30],"class_list":["post-6589","inlagg","type-inlagg","status-publish","hentry","kategori-debattartiklar"],"meta_box":{"show_post_en":"0","text":"<p>L\u00e4s debattartikeln <a href=\"https:\/\/www.aftonbladet.se\/debatt\/a\/BWwxAG\/hagainitiativet-sankt-reduktionsplikt-forsvarar-for-foretagen\">h\u00e4r<\/a>.<\/p>\n","qoute":"","name":"","title-company":""},"_links":{"self":[{"href":"https:\/\/www.hagainitiativet.se\/en\/wp-json\/wp\/v2\/inlagg\/6589","targetHints":{"allow":["GET"]}}],"collection":[{"href":"https:\/\/www.hagainitiativet.se\/en\/wp-json\/wp\/v2\/inlagg"}],"about":[{"href":"https:\/\/www.hagainitiativet.se\/en\/wp-json\/wp\/v2\/types\/inlagg"}],"wp:attachment":[{"href":"https:\/\/www.hagainitiativet.se\/en\/wp-json\/wp\/v2\/media?parent=6589"}],"wp:term":[{"taxonomy":"kategori","embeddable":true,"href":"https:\/\/www.hagainitiativet.se\/en\/wp-json\/wp\/v2\/kategori?post=6589"}],"curies":[{"name":"wp","href":"https:\/\/api.w.org\/{rel}","templated":true}]}}

Aftonbladet: Sänkt reduktionsplikt försvårar för företagen

<p>Läs debattartikeln <a href="https://www.aftonbladet.se/debatt/a/BWwxAG/hagainitiativet-sankt-reduktionsplikt-forsvarar-for-foretagen">här</a>.</p>
