{"id":7017,"date":"2023-05-31T15:16:25","date_gmt":"2023-05-31T13:16:25","guid":{"rendered":"https:\/\/www.hagainitiativet.se\/?post_type=inlagg&#038;p=7017"},"modified":"2023-09-13T09:48:05","modified_gmt":"2023-09-13T07:48:05","slug":"ny-rapport-stora-kliv-kravs-for-starkt-konkurrenskraft-i-den-grona-omstallningen","status":"publish","type":"inlagg","link":"https:\/\/www.hagainitiativet.se\/en\/inlagg\/ny-rapport-stora-kliv-kravs-for-starkt-konkurrenskraft-i-den-grona-omstallningen\/","title":{"rendered":"Ny rapport: Stora kliv kr\u00e4vs f\u00f6r st\u00e4rkt konkurrenskraft i den gr\u00f6na omst\u00e4llningen"},"content":{"rendered":"","protected":false},"excerpt":{"rendered":"","protected":false},"featured_media":7011,"parent":0,"template":"","kategori":[17],"class_list":["post-7017","inlagg","type-inlagg","status-publish","has-post-thumbnail","hentry","kategori-nyheter"],"meta_box":{"show_post_en":"0","text":"<p>Hagainitiativet presenterar idag sina f\u00f6rv\u00e4ntningar p\u00e5 regeringens kommande klimathandlingsplan med nio aff\u00e4rskritiska f\u00f6rslag tillsammans med 42 \u00e5tg\u00e4rder f\u00f6r ett konkurrenskraftigt gr\u00f6nt n\u00e4ringsliv.<\/p>\n<p>Det \u00e4r st\u00e4llt bortom allt tvivel att klimatp\u00e5verkan m\u00e5ste minska drastiskt i takt och omfattning i n\u00e4rtid. Sverige har alla f\u00f6ruts\u00e4ttningar f\u00f6r att kunna ta ledartr\u00f6jan globalt i klimatomst\u00e4llningen. F\u00f6r att klara st\u00e4rkt konkurrenskraft och s\u00e4kra jobben kr\u00e4vs d\u00e4rf\u00f6r stora kliv nu. Sverige beh\u00f6ver visa klimatledarskap b\u00e5de i Sverige och i EU. Vi i n\u00e4ringslivet kan med v\u00e5r drivkraft och v\u00e5ra m\u00f6jligheter bidra till omst\u00e4llningen.<\/p>\n<p>Rapportens nio aff\u00e4rskritiska f\u00f6rslag:<\/p>\n<ol>\n<li>Visa politiskt ledarskap \u2013 l\u00e5ngsiktigt, tydligt och f\u00f6ruts\u00e4gbart - som m\u00f6jligg\u00f6r ett konkurrenskraftigt n\u00e4ringsliv och klarar 1,5-gradersm\u00e5let.<\/li>\n<li>Investera i mer f\u00f6rnybar el i n\u00e4rtid och mer effektiv elanv\u00e4ndning f\u00f6r n\u00e4ringslivets klimatomst\u00e4llning.<\/li>\n<li>Satsa p\u00e5 bioekonomin och st\u00e4rkt livsmedelsf\u00f6rs\u00f6rjning som en stark aff\u00e4rsm\u00f6jlighet f\u00f6r svensk industri och landsbygd.<\/li>\n<li>G\u00f6r Sverige till ett cirkul\u00e4rt f\u00f6reg\u00e5ngsland f\u00f6r att s\u00e4kra v\u00e4rdekedjor och \u00f6kad tillv\u00e4xt.<\/li>\n<li>Effektivisera tillst\u00e5ndsprocesserna f\u00f6r en snabb utbyggnad av den gr\u00f6na industrin.<\/li>\n<li>Satsa p\u00e5 gr\u00f6n industripolitik som st\u00e4rker svensk konkurrenskraft genom gynnsamma ramvillkor.<\/li>\n<li>Satsa p\u00e5 tekniska negativa utsl\u00e4pp med permanent lagring som en ny svensk exportindustri.<\/li>\n<li>St\u00e4rk Sveriges kompetens f\u00f6r att genomf\u00f6ra den gr\u00f6na omst\u00e4llningen.<\/li>\n<li>Skapa brett samh\u00e4llsst\u00f6d f\u00f6r klimatomst\u00e4llningen \u2013 det kommer gynna f\u00f6retagen.<\/li>\n<\/ol>\n<p>&nbsp;<\/p>\n<p>L\u00e4s rapporten <a href=\"https:\/\/www.hagainitiativet.se\/wp-content\/uploads\/2023\/05\/Rapport-Stora-Kliv-Slutlig.pdf\">h\u00e4r<\/a><\/p>\n<p>L\u00e4s pressmeddelandet <a href=\"https:\/\/www.hagainitiativet.se\/inlagg\/stora-kliv-kravs-vara-forvantningar-pa-regeringens-klimathandlingsplan\/\">h\u00e4r<\/a><\/p>\n<p>Se Hagainitiativets seminarium i Almedalen 2023 <a href=\"https:\/\/www.youtube.com\/watch?v=d96pVcaKKeM\">h\u00e4r<\/a>, ett samtal mellan n\u00e4ringsliv och politiker p\u00e5 detta \u00e4mne.<\/p>\n","qoute":"","name":"","title-company":""},"_links":{"self":[{"href":"https:\/\/www.hagainitiativet.se\/en\/wp-json\/wp\/v2\/inlagg\/7017","targetHints":{"allow":["GET"]}}],"collection":[{"href":"https:\/\/www.hagainitiativet.se\/en\/wp-json\/wp\/v2\/inlagg"}],"about":[{"href":"https:\/\/www.hagainitiativet.se\/en\/wp-json\/wp\/v2\/types\/inlagg"}],"wp:featuredmedia":[{"embeddable":true,"href":"https:\/\/www.hagainitiativet.se\/en\/wp-json\/wp\/v2\/media\/7011"}],"wp:attachment":[{"href":"https:\/\/www.hagainitiativet.se\/en\/wp-json\/wp\/v2\/media?parent=7017"}],"wp:term":[{"taxonomy":"kategori","embeddable":true,"href":"https:\/\/www.hagainitiativet.se\/en\/wp-json\/wp\/v2\/kategori?post=7017"}],"curies":[{"name":"wp","href":"https:\/\/api.w.org\/{rel}","templated":true}]}}

Ny rapport: Stora kliv krävs för stärkt konkurrenskraft i den gröna omställningen

<p>Hagainitiativet presenterar idag sina förväntningar på regeringens kommande klimathandlingsplan med nio affärskritiska förslag tillsammans med 42 åtgärder för ett konkurrenskraftigt grönt näringsliv.</p>
<p>Det är ställt bortom allt tvivel att klimatpåverkan måste minska drastiskt i takt och omfattning i närtid. Sverige har alla förutsättningar för att kunna ta ledartröjan globalt i klimatomställningen. För att klara stärkt konkurrenskraft och säkra jobben krävs därför stora kliv nu. Sverige behöver visa klimatledarskap både i Sverige och i EU. Vi i näringslivet kan med vår drivkraft och våra möjligheter bidra till omställningen.</p>
<p>Rapportens nio affärskritiska förslag:</p>
<ol>
<li>Visa politiskt ledarskap – långsiktigt, tydligt och förutsägbart - som möjliggör ett konkurrenskraftigt näringsliv och klarar 1,5-gradersmålet.</li>
<li>Investera i mer förnybar el i närtid och mer effektiv elanvändning för näringslivets klimatomställning.</li>
<li>Satsa på bioekonomin och stärkt livsmedelsförsörjning som en stark affärsmöjlighet för svensk industri och landsbygd.</li>
<li>Gör Sverige till ett cirkulärt föregångsland för att säkra värdekedjor och ökad tillväxt.</li>
<li>Effektivisera tillståndsprocesserna för en snabb utbyggnad av den gröna industrin.</li>
<li>Satsa på grön industripolitik som stärker svensk konkurrenskraft genom gynnsamma ramvillkor.</li>
<li>Satsa på tekniska negativa utsläpp med permanent lagring som en ny svensk exportindustri.</li>
<li>Stärk Sveriges kompetens för att genomföra den gröna omställningen.</li>
<li>Skapa brett samhällsstöd för klimatomställningen – det kommer gynna företagen.</li>
</ol>
<p>&nbsp;</p>
<p>Läs rapporten <a href="https://www.hagainitiativet.se/wp-content/uploads/2023/05/Rapport-Stora-Kliv-Slutlig.pdf">här</a></p>
<p>Läs pressmeddelandet <a href="https://www.hagainitiativet.se/inlagg/stora-kliv-kravs-vara-forvantningar-pa-regeringens-klimathandlingsplan/">här</a></p>
<p>Se Hagainitiativets seminarium i Almedalen 2023 <a href="https://www.youtube.com/watch?v=d96pVcaKKeM">här</a>, ett samtal mellan näringsliv och politiker på detta ämne.</p>
