{"id":7118,"date":"2023-06-15T09:50:56","date_gmt":"2023-06-15T07:50:56","guid":{"rendered":"https:\/\/www.hagainitiativet.se\/?post_type=inlagg&#038;p=7118"},"modified":"2023-06-15T09:52:25","modified_gmt":"2023-06-15T07:52:25","slug":"nyhetsbrev-juni-5","status":"publish","type":"inlagg","link":"https:\/\/www.hagainitiativet.se\/en\/inlagg\/nyhetsbrev-juni-5\/","title":{"rendered":"Nyhetsbrev juni"},"content":{"rendered":"","protected":false},"excerpt":{"rendered":"","protected":false},"featured_media":7122,"parent":0,"template":"","kategori":[15],"class_list":["post-7118","inlagg","type-inlagg","status-publish","has-post-thumbnail","hentry","kategori-nyhetsbrev"],"meta_box":{"show_post_en":"0","text":"<p>Stora kliv kr\u00e4vs<\/p>\n<ul>\n<li>M\u00f6te med klimat- och milj\u00f6minister Romina Pourmokhtari och Hagaf\u00f6retagen<\/li>\n<li>Debattartikel: N\u00e4ringslivets 9 klimatkrav p\u00e5 regeringen - aff\u00e4rskritiskt f\u00f6r konkurrenskraft och arbetstillf\u00e4llen<\/li>\n<li>Hagainitiativets seminarium i Almedalen: Vad beh\u00f6ver f\u00f6retagen fr\u00e5n politiken f\u00f6r att st\u00e4rka konkurrenskraften? - N\u00e4ringslivets f\u00f6rv\u00e4ntningar p\u00e5 regeringens klimathandlingsplan<\/li>\n<li>Hagainitiativets klimatbokslut 2022<\/li>\n<li>Intervju med Alexandra Hagen, vd f\u00f6r White Arkitekter<\/li>\n<li>Missade du webbinariet 27 april? Kan vi prata om klimathotet utan att sl\u00e4cka hoppet?<\/li>\n<li>Cirkul\u00e4ra exempel<\/li>\n<li>F\u00f6retagsnyheter<\/li>\n<li>Hagabloggen<\/li>\n<\/ul>\n<p>&nbsp;<\/p>\n<p>L\u00e4s nyhetsbrevet\u00a0<a href=\"https:\/\/mailchi.mp\/hagainitiativet\/nyhetsbrev-juni2023ver2-7536281-oxh8uyriio-8120949\">h\u00e4r.<\/a><\/p>\n","qoute":"","name":"","title-company":""},"_links":{"self":[{"href":"https:\/\/www.hagainitiativet.se\/en\/wp-json\/wp\/v2\/inlagg\/7118","targetHints":{"allow":["GET"]}}],"collection":[{"href":"https:\/\/www.hagainitiativet.se\/en\/wp-json\/wp\/v2\/inlagg"}],"about":[{"href":"https:\/\/www.hagainitiativet.se\/en\/wp-json\/wp\/v2\/types\/inlagg"}],"wp:featuredmedia":[{"embeddable":true,"href":"https:\/\/www.hagainitiativet.se\/en\/wp-json\/wp\/v2\/media\/7122"}],"wp:attachment":[{"href":"https:\/\/www.hagainitiativet.se\/en\/wp-json\/wp\/v2\/media?parent=7118"}],"wp:term":[{"taxonomy":"kategori","embeddable":true,"href":"https:\/\/www.hagainitiativet.se\/en\/wp-json\/wp\/v2\/kategori?post=7118"}],"curies":[{"name":"wp","href":"https:\/\/api.w.org\/{rel}","templated":true}]}}

<p>Stora kliv krävs</p>
<ul>
<li>Möte med klimat- och miljöminister Romina Pourmokhtari och Hagaföretagen</li>
<li>Debattartikel: Näringslivets 9 klimatkrav på regeringen - affärskritiskt för konkurrenskraft och arbetstillfällen</li>
<li>Hagainitiativets seminarium i Almedalen: Vad behöver företagen från politiken för att stärka konkurrenskraften? - Näringslivets förväntningar på regeringens klimathandlingsplan</li>
<li>Hagainitiativets klimatbokslut 2022</li>
<li>Intervju med Alexandra Hagen, vd för White Arkitekter</li>
<li>Missade du webbinariet 27 april? Kan vi prata om klimathotet utan att släcka hoppet?</li>
<li>Cirkulära exempel</li>
<li>Företagsnyheter</li>
<li>Hagabloggen</li>
</ul>
<p>&nbsp;</p>
<p>Läs nyhetsbrevet <a href="https://mailchi.mp/hagainitiativet/nyhetsbrev-juni2023ver2-7536281-oxh8uyriio-8120949">här.</a></p>
