{"id":7492,"date":"2023-11-06T19:04:36","date_gmt":"2023-11-06T18:04:36","guid":{"rendered":"https:\/\/www.hagainitiativet.se\/?post_type=inlagg&#038;p=7492"},"modified":"2023-11-24T13:55:05","modified_gmt":"2023-11-24T12:55:05","slug":"webinar-skills-needed-for-the-green-transition-in-a-nordic-perspective-and-existing-policies-in-the-nordic-region","status":"publish","type":"inlagg","link":"https:\/\/www.hagainitiativet.se\/en\/inlagg\/webinar-skills-needed-for-the-green-transition-in-a-nordic-perspective-and-existing-policies-in-the-nordic-region\/","title":{"rendered":"Webinar: Skills needed for the green transition from a Nordic perspective &#8211; and existing policies in the Nordic Region"},"content":{"rendered":"","protected":false},"excerpt":{"rendered":"","protected":false},"featured_media":7540,"parent":0,"template":"","kategori":[16],"class_list":["post-7492","inlagg","type-inlagg","status-publish","has-post-thumbnail","hentry","kategori-seminarier"],"meta_box":{"show_post_en":"0","text":"<p><b data-stringify-type=\"bold\">Date:<\/b>\u00a0Thursday 23 November 2023<br \/>\n<b data-stringify-type=\"bold\">Time:<\/b> 09.30\u201311.00 (CET)<br \/>\n<b data-stringify-type=\"bold\">Place:<\/b> Digital<\/p>\n<p><strong>Watch the webinar recorded\u00a0<a href=\"https:\/\/youtu.be\/XDVdOUpcyRo\">here<\/a>.<\/strong><\/p>\n<p>&nbsp;<\/p>\n<p>The main focus of this webinar, which will be held in English, will be the crucial question on the need for skills in the green transition from a Nordic perspective. We gather representatives from Nordic enterprise organisations, researchers and policy makers to discuss the following topics:<\/p>\n<ul>\n<li>Are there critical skills missing?<\/li>\n<li>On a policy level, what is being done in the respective Nordic country to recruit and attract?<\/li>\n<li>What are the emerging policy instruments?<\/li>\n<\/ul>\n<p>&nbsp;<\/p>\n<p><strong>Panelists<\/strong><\/p>\n<p><span style=\"font-weight: 400\">Are Turmo, Director, N\u00e6ringslivets Hovedorganisasjon (NHO), Norge<\/span><\/p>\n<p><span style=\"font-weight: 400\">Mikko Viletoj\u00e4rvi, Senior Advisor, Confederation of Finnish Industry (EK), Finland<\/span><\/p>\n<p><span style=\"font-weight: 400\">Martin Liebing Madsen, Head of Secretariat, Industriens F\u00e6llesudvalg (IF), Denmark<\/span><\/p>\n<p><span style=\"font-weight: 400\">Camilla Georgsson, Head of Unit for Competence and Skills, Association of Swedish Engineering Industries<\/span><\/p>\n<p>Mar\u00eda J\u00f3na Magn\u00fasd\u00f3ttir,\u00a0Director, The Icelandic Federation For Motor Trades and Repairs<\/p>\n<p><span style=\"font-weight: 400\">Johan Sittenfeldt, Analyst, Engineers of Sweden<\/span><\/p>\n<p><span style=\"font-weight: 400\">Johan Hall, Research Officer, The Swedish Trade Union Confederation<\/span><\/p>\n<p><span style=\"font-weight: 400\">Eva Krutmeijer, Senior advisor, Haga Initiative<\/span><\/p>\n<p><span style=\"font-weight: 400\">Josefina Kildjer, Policy expert, Haga Initiative<\/span><\/p>\n","qoute":"","name":"","title-company":""},"_links":{"self":[{"href":"https:\/\/www.hagainitiativet.se\/en\/wp-json\/wp\/v2\/inlagg\/7492","targetHints":{"allow":["GET"]}}],"collection":[{"href":"https:\/\/www.hagainitiativet.se\/en\/wp-json\/wp\/v2\/inlagg"}],"about":[{"href":"https:\/\/www.hagainitiativet.se\/en\/wp-json\/wp\/v2\/types\/inlagg"}],"wp:featuredmedia":[{"embeddable":true,"href":"https:\/\/www.hagainitiativet.se\/en\/wp-json\/wp\/v2\/media\/7540"}],"wp:attachment":[{"href":"https:\/\/www.hagainitiativet.se\/en\/wp-json\/wp\/v2\/media?parent=7492"}],"wp:term":[{"taxonomy":"kategori","embeddable":true,"href":"https:\/\/www.hagainitiativet.se\/en\/wp-json\/wp\/v2\/kategori?post=7492"}],"curies":[{"name":"wp","href":"https:\/\/api.w.org\/{rel}","templated":true}]}}

<p><b data-stringify-type="bold">Date:</b> Thursday 23 November 2023<br />
<b data-stringify-type="bold">Time:</b> 09.30–11.00 (CET)<br />
<b data-stringify-type="bold">Place:</b> Digital</p>
<p><strong>Watch the webinar recorded <a href="https://youtu.be/XDVdOUpcyRo">here</a>.</strong></p>
<p>&nbsp;</p>
<p>The main focus of this webinar, which will be held in English, will be the crucial question on the need for skills in the green transition from a Nordic perspective. We gather representatives from Nordic enterprise organisations, researchers and policy makers to discuss the following topics:</p>
<ul>
<li>Are there critical skills missing?</li>
<li>On a policy level, what is being done in the respective Nordic country to recruit and attract?</li>
<li>What are the emerging policy instruments?</li>
</ul>
<p>&nbsp;</p>
<p><strong>Panelists</strong></p>
<p><span style="font-weight: 400">Are Turmo, Director, Næringslivets Hovedorganisasjon (NHO), Norge</span></p>
<p><span style="font-weight: 400">Mikko Viletojärvi, Senior Advisor, Confederation of Finnish Industry (EK), Finland</span></p>
<p><span style="font-weight: 400">Martin Liebing Madsen, Head of Secretariat, Industriens Fællesudvalg (IF), Denmark</span></p>
<p><span style="font-weight: 400">Camilla Georgsson, Head of Unit for Competence and Skills, Association of Swedish Engineering Industries</span></p>
<p>María Jóna Magnúsdóttir, Director, The Icelandic Federation For Motor Trades and Repairs</p>
<p><span style="font-weight: 400">Johan Sittenfeldt, Analyst, Engineers of Sweden</span></p>
<p><span style="font-weight: 400">Johan Hall, Research Officer, The Swedish Trade Union Confederation</span></p>
<p><span style="font-weight: 400">Eva Krutmeijer, Senior advisor, Haga Initiative</span></p>
<p><span style="font-weight: 400">Josefina Kildjer, Policy expert, Haga Initiative</span></p>
