{"id":7648,"date":"2023-12-21T08:14:22","date_gmt":"2023-12-21T07:14:22","guid":{"rendered":"https:\/\/www.hagainitiativet.se\/?post_type=inlagg&#038;p=7648"},"modified":"2024-02-01T09:18:03","modified_gmt":"2024-02-01T08:18:03","slug":"nyhetsbrev-december-7","status":"publish","type":"inlagg","link":"https:\/\/www.hagainitiativet.se\/en\/inlagg\/nyhetsbrev-december-7\/","title":{"rendered":"Nyhetsbrev december"},"content":{"rendered":"","protected":false},"excerpt":{"rendered":"","protected":false},"featured_media":7808,"parent":0,"template":"","kategori":[17,15],"class_list":["post-7648","inlagg","type-inlagg","status-publish","has-post-thumbnail","hentry","kategori-nyheter","kategori-nyhetsbrev"],"meta_box":{"show_post_en":"0","text":"<p><strong>Nu mer \u00e4n n\u00e5gonsin finns ett stort behov av goda nyheter<\/strong><\/p>\n<ul>\n<li>Debattartikel G\u00f6teborgs-Posten: H\u00f6jda klimatambitioner viktigt f\u00f6r n\u00e4ringslivet<\/li>\n<li>Intervju med Nina Ekelund, generalsekreterare i Hagainitiativet<\/li>\n<li>Ambitionsindex 2023 - 3 av 4 b\u00f6rsbolag har nu m\u00e5l i linje med Parisavtalet<\/li>\n<li>Rapport - Den cirkul\u00e4ra ekonomins merv\u00e4rden i Norden - en utm\u00e4rkt m\u00f6jlighet att v\u00e4xla upp h\u00e5llbara aff\u00e4rsmodeller<\/li>\n<li>Vill du vara med och p\u00e5verka? Hagainitiativet s\u00f6ker nya medlemmar<\/li>\n<li>100 cirkul\u00e4ra exempel<\/li>\n<li>F\u00f6retagsnyheter<\/li>\n<li>Hagabloggen<\/li>\n<\/ul>\n<p>&nbsp;<\/p>\n<p>L\u00e4s nyhetsbrevet <a href=\"http:\/\/mailchi.mp\/hagainitiativet\/nyhetsbrev-december2023ver2-7536281-oxh8uyriio-9097377\">h\u00e4r<\/a>.<\/p>\n","qoute":"","name":"","title-company":""},"_links":{"self":[{"href":"https:\/\/www.hagainitiativet.se\/en\/wp-json\/wp\/v2\/inlagg\/7648","targetHints":{"allow":["GET"]}}],"collection":[{"href":"https:\/\/www.hagainitiativet.se\/en\/wp-json\/wp\/v2\/inlagg"}],"about":[{"href":"https:\/\/www.hagainitiativet.se\/en\/wp-json\/wp\/v2\/types\/inlagg"}],"wp:featuredmedia":[{"embeddable":true,"href":"https:\/\/www.hagainitiativet.se\/en\/wp-json\/wp\/v2\/media\/7808"}],"wp:attachment":[{"href":"https:\/\/www.hagainitiativet.se\/en\/wp-json\/wp\/v2\/media?parent=7648"}],"wp:term":[{"taxonomy":"kategori","embeddable":true,"href":"https:\/\/www.hagainitiativet.se\/en\/wp-json\/wp\/v2\/kategori?post=7648"}],"curies":[{"name":"wp","href":"https:\/\/api.w.org\/{rel}","templated":true}]}}

<p><strong>Nu mer än någonsin finns ett stort behov av goda nyheter</strong></p>
<ul>
<li>Debattartikel Göteborgs-Posten: Höjda klimatambitioner viktigt för näringslivet</li>
<li>Intervju med Nina Ekelund, generalsekreterare i Hagainitiativet</li>
<li>Ambitionsindex 2023 - 3 av 4 börsbolag har nu mål i linje med Parisavtalet</li>
<li>Rapport - Den cirkulära ekonomins mervärden i Norden - en utmärkt möjlighet att växla upp hållbara affärsmodeller</li>
<li>Vill du vara med och påverka? Hagainitiativet söker nya medlemmar</li>
<li>100 cirkulära exempel</li>
<li>Företagsnyheter</li>
<li>Hagabloggen</li>
</ul>
<p>&nbsp;</p>
<p>Läs nyhetsbrevet <a href="http://mailchi.mp/hagainitiativet/nyhetsbrev-december2023ver2-7536281-oxh8uyriio-9097377">här</a>.</p>
