{"id":7923,"date":"2024-04-23T09:47:19","date_gmt":"2024-04-23T07:47:19","guid":{"rendered":"https:\/\/www.hagainitiativet.se\/?post_type=inlagg&#038;p=7923"},"modified":"2024-04-23T09:52:18","modified_gmt":"2024-04-23T07:52:18","slug":"seminarium-minus-90-till-2040-hur-paverkas-naringslivet-av-eus-nya-klimatmal-2","status":"publish","type":"inlagg","link":"https:\/\/www.hagainitiativet.se\/en\/inlagg\/seminarium-minus-90-till-2040-hur-paverkas-naringslivet-av-eus-nya-klimatmal-2\/","title":{"rendered":"Se seminariet h\u00e4r: Minus 90% till 2040 \u2013 hur p\u00e5verkas n\u00e4ringslivet av EU:s nya klimatm\u00e5l?"},"content":{"rendered":"","protected":false},"excerpt":{"rendered":"","protected":false},"featured_media":7925,"parent":0,"template":"","kategori":[17,16],"class_list":["post-7923","inlagg","type-inlagg","status-publish","has-post-thumbnail","hentry","kategori-nyheter","kategori-seminarier"],"meta_box":{"show_post_en":"0","text":"<p>Missade du Hagainitiativets seminarium \"Minus 90% till 2040 \u2013 hur p\u00e5verkas n\u00e4ringslivet av EU:s nya klimatm\u00e5l?\". Se inspelningen nedan.<\/p>\n<p>Seminariet diskuterade bland annat:<\/p>\n<ul>\n<li>Vad kr\u00e4vs f\u00f6r att klara EU:s klimatm\u00e5l (2030, 2040) och vad \u00e4r Sveriges bidrag till detta?<\/li>\n<li>Vad blir de viktiga slutsatserna f\u00f6r Sverige med 2040-m\u00e5let?<\/li>\n<li>Hur p\u00e5verkas Sveriges och EU:s konkurrenskraft med 2040-m\u00e5let?<\/li>\n<li>\u00c4r ambiti\u00f6sa 2040-m\u00e5l ett hot eller m\u00f6jlighet f\u00f6r n\u00e4ringslivet?<\/li>\n<\/ul>\n<p>&nbsp;<\/p>\n<p><strong>Medverkande:<\/strong><\/p>\n<p>Lars J Nilsson, professor vid Lunds universitet, samt expert inom European Scientific Advisory Board on Climate Change<\/p>\n<p>Magnus Nilsson, konsult samt klimatpolitisk expert<\/p>\n<p>Helena Storckenfeldt, riksdagsledamot (M)<\/p>\n<p>Martin \u00c5dahl, ekonomiskpolitisk talesperson (C)<\/p>\n<p>Elin S\u00f6derberg, riksdagsledamot (MP)<\/p>\n<p>Jytte Guteland, riksdagsledamot (S)<\/p>\n<p>Jennie Cato, SVP Head of Public Affairs and Partnerships, Scania CV<\/p>\n<p>Tanja Ilic, CCO, GreenIron<\/p>\n<p>Lina H\u00e5kansdotter, Chief Sustainability and Corporate Affairs Officer, H2GreenSteel<\/p>\n<p>Alarik Sandrup, n\u00e4ringspolitisk chef, Lantm\u00e4nnen<\/p>\n<p>\u00c5sa Domeij, h\u00e5llbarhetschef, Axfood<\/p>\n<p>Maria Sandell, h\u00e5llbarhetschef, JM<\/p>\n<p>Gabrielle Tillberg, policysamordnare, Hagainitiativet<\/p>\n<p>Nina Ekelund, generalsekreterare, Hagainitiativet<\/p>\n<p>&nbsp;<\/p>\n<p><span class=\"yt-core-attributed-string--link-inherit-color\">Seminariet \u00e4gde rum 16 april 2024, kl <\/span><span class=\"yt-core-attributed-string--link-inherit-color\"><a class=\"yt-core-attributed-string__link yt-core-attributed-string__link--display-type yt-core-attributed-string__link--call-to-action-color\" href=\"https:\/\/www.youtube.com\/watch?v=XSpkWPbnJ-4&amp;t=480s\" target=\"\" rel=\"nofollow\">08:00<\/a><\/span><span class=\"yt-core-attributed-string--link-inherit-color\">-<\/span><span class=\"yt-core-attributed-string--link-inherit-color\"><a class=\"yt-core-attributed-string__link yt-core-attributed-string__link--display-type yt-core-attributed-string__link--call-to-action-color\" href=\"https:\/\/www.youtube.com\/watch?v=XSpkWPbnJ-4&amp;t=570s\" target=\"\" rel=\"nofollow\">09:30<\/a><\/span><span class=\"yt-core-attributed-string--link-inherit-color\"> i Stockholm.<\/span><\/p>\n<p>&nbsp;<\/p>\n<p>https:\/\/www.youtube.com\/watch?v=XSpkWPbnJ-4&amp;t=3649s<\/p>\n","qoute":"","name":"","title-company":""},"_links":{"self":[{"href":"https:\/\/www.hagainitiativet.se\/en\/wp-json\/wp\/v2\/inlagg\/7923","targetHints":{"allow":["GET"]}}],"collection":[{"href":"https:\/\/www.hagainitiativet.se\/en\/wp-json\/wp\/v2\/inlagg"}],"about":[{"href":"https:\/\/www.hagainitiativet.se\/en\/wp-json\/wp\/v2\/types\/inlagg"}],"wp:featuredmedia":[{"embeddable":true,"href":"https:\/\/www.hagainitiativet.se\/en\/wp-json\/wp\/v2\/media\/7925"}],"wp:attachment":[{"href":"https:\/\/www.hagainitiativet.se\/en\/wp-json\/wp\/v2\/media?parent=7923"}],"wp:term":[{"taxonomy":"kategori","embeddable":true,"href":"https:\/\/www.hagainitiativet.se\/en\/wp-json\/wp\/v2\/kategori?post=7923"}],"curies":[{"name":"wp","href":"https:\/\/api.w.org\/{rel}","templated":true}]}}

Se seminariet här: Minus 90% till 2040 – hur påverkas näringslivet av EU:s nya klimatmål?

<p>Missade du Hagainitiativets seminarium "Minus 90% till 2040 – hur påverkas näringslivet av EU:s nya klimatmål?". Se inspelningen nedan.</p>
<p>Seminariet diskuterade bland annat:</p>
<ul>
<li>Vad krävs för att klara EU:s klimatmål (2030, 2040) och vad är Sveriges bidrag till detta?</li>
<li>Vad blir de viktiga slutsatserna för Sverige med 2040-målet?</li>
<li>Hur påverkas Sveriges och EU:s konkurrenskraft med 2040-målet?</li>
<li>Är ambitiösa 2040-mål ett hot eller möjlighet för näringslivet?</li>
</ul>
<p>&nbsp;</p>
<p><strong>Medverkande:</strong></p>
<p>Lars J Nilsson, professor vid Lunds universitet, samt expert inom European Scientific Advisory Board on Climate Change</p>
<p>Magnus Nilsson, konsult samt klimatpolitisk expert</p>
<p>Helena Storckenfeldt, riksdagsledamot (M)</p>
<p>Martin Ådahl, ekonomiskpolitisk talesperson (C)</p>
<p>Elin Söderberg, riksdagsledamot (MP)</p>
<p>Jytte Guteland, riksdagsledamot (S)</p>
<p>Jennie Cato, SVP Head of Public Affairs and Partnerships, Scania CV</p>
<p>Tanja Ilic, CCO, GreenIron</p>
<p>Lina Håkansdotter, Chief Sustainability and Corporate Affairs Officer, H2GreenSteel</p>
<p>Alarik Sandrup, näringspolitisk chef, Lantmännen</p>
<p>Åsa Domeij, hållbarhetschef, Axfood</p>
<p>Maria Sandell, hållbarhetschef, JM</p>
<p>Gabrielle Tillberg, policysamordnare, Hagainitiativet</p>
<p>Nina Ekelund, generalsekreterare, Hagainitiativet</p>
<p>&nbsp;</p>
<p><span class="yt-core-attributed-string--link-inherit-color">Seminariet ägde rum 16 april 2024, kl </span><span class="yt-core-attributed-string--link-inherit-color"><a class="yt-core-attributed-string__link yt-core-attributed-string__link--display-type yt-core-attributed-string__link--call-to-action-color" href="https://www.youtube.com/watch?v=XSpkWPbnJ-4&amp;t=480s" target="" rel="nofollow">08:00</a></span><span class="yt-core-attributed-string--link-inherit-color">-</span><span class="yt-core-attributed-string--link-inherit-color"><a class="yt-core-attributed-string__link yt-core-attributed-string__link--display-type yt-core-attributed-string__link--call-to-action-color" href="https://www.youtube.com/watch?v=XSpkWPbnJ-4&amp;t=570s" target="" rel="nofollow">09:30</a></span><span class="yt-core-attributed-string--link-inherit-color"> i Stockholm.</span></p>
<p>&nbsp;</p>
<p>https://www.youtube.com/watch?v=XSpkWPbnJ-4&amp;t=3649s</p>
