{"id":8053,"date":"2024-05-24T13:00:17","date_gmt":"2024-05-24T11:00:17","guid":{"rendered":"https:\/\/www.hagainitiativet.se\/?post_type=inlagg&#038;p=8053"},"modified":"2024-05-28T08:40:17","modified_gmt":"2024-05-28T06:40:17","slug":"klimatmal-2040-vad-vill-toppkandidaterna-till-europaparlamentet","status":"publish","type":"inlagg","link":"https:\/\/www.hagainitiativet.se\/en\/inlagg\/klimatmal-2040-vad-vill-toppkandidaterna-till-europaparlamentet\/","title":{"rendered":"Klimatm\u00e5l 2040 \u2013 vad vill toppkandidaterna till europaparlamentet?"},"content":{"rendered":"","protected":false},"excerpt":{"rendered":"","protected":false},"featured_media":8061,"parent":0,"template":"","kategori":[17],"class_list":["post-8053","inlagg","type-inlagg","status-publish","has-post-thumbnail","hentry","kategori-nyheter"],"meta_box":{"show_post_en":"0","text":"<p>Vi har valt inf\u00f6r valet den 9 juni att tr\u00e4ffa svenska europaparlamentariker och deras staber. F\u00f6r att forts\u00e4tta en konkurrenskraftig gr\u00f6n omst\u00e4llning har vi lyft fram:<\/p>\n<ul>\n<li>Vikten av att se ett starkt svenskt ledarskap p\u00e5 klimatomr\u00e5det f\u00f6r att skapa en bred och f\u00f6rankrad acceptans i omst\u00e4llningen.<\/li>\n<li>Behovet av tydliga, l\u00e5ngsiktiga och f\u00f6ruts\u00e4gbara politiska beslut kring styrmedel f\u00f6r att m\u00f6jligg\u00f6ra f\u00f6r f\u00f6retagens kritiska investeringar och arbete i omst\u00e4llningen.<\/li>\n<li>Att inte s\u00e4nka ambitionerna inom Fit-for-55 och att genomf\u00f6ra lagpaketen.<\/li>\n<li>Vikten av ett ambiti\u00f6st klimatm\u00e5l till 2040. Hagainitiativet ser g\u00e4rna ett m\u00e5l p\u00e5 90-95 procent minskning.<\/li>\n<\/ul>\n<p>&nbsp;<\/p>\n<p>Partiernas ambitioner:<\/p>\n<p>\u201dDet absolut viktigaste \u00e4r att vi verkar f\u00f6r att minska utsl\u00e4ppen h\u00e4r och nu, och de m\u00e5l och \u00e5tg\u00e4rder vi har i nul\u00e4get \u00e4r inte i linje med Parisavtalet. Givet detta \u00e4r rekommendationen om 90 procents netto-utsl\u00e4ppsminskning till 2040 ocks\u00e5 otillr\u00e4cklig, i synnerhet givet EU:s potential att leda klimatomst\u00e4llningen globalt. Vi kommer d\u00e4rf\u00f6r driva p\u00e5 f\u00f6r en h\u00f6gre m\u00e5ls\u00e4ttning till 2040, med 95 procent absoluta utsl\u00e4ppsminskningar, och att mer kol binds i skog och mark \u00e4n storleken p\u00e5 de kvarvarande utsl\u00e4ppen. Med andra ord m\u00e5ste EU vara mer \u00e4n 100% till 2040 - binda mer koldioxid \u00e4n vad vi sl\u00e4pper ut. F\u00f6r att ha f\u00f6ruts\u00e4ttningarna att n\u00e5 detta kr\u00e4vs \u00e4ven h\u00f6gre ambition till 2030 och 2035.\u201d <strong>P\u00e4r Holmgren, EU-parlamentariker (MP)<\/strong><\/p>\n<p>\u201dTill 2040 vill vi se ett EU-m\u00e5l p\u00e5 95 procent minskning\u201d.\u00a0<strong>Gustaf Svenungsson, politisk sakkunnig hos EU-parlamentariker Emma Wiesner (C)<\/strong><\/p>\n<p>\u201dV\u00e4nsterpartiet ser g\u00e4rna ett nettonollm\u00e5l till 2040 och d\u00e4refter upptag. Vi vet att det kommer bli tufft, men vi kommer f\u00f6rhandla utifr\u00e5n det.\u201d <strong>Jonas Sj\u00f6stedt, kandidat till europaparlamentet (V)<\/strong><\/p>\n<p>\u201dEU-kommissionen har lagt fram f\u00f6rslag p\u00e5 90% minskning till 2040. Vi i Socialdemokraterna st\u00e5r bakom ett m\u00e5l p\u00e5 95% minskning till 2040.\u201d<strong> Hel\u00e9ne Fritzon, EU-parlamentariker (S)<\/strong><\/p>\n<p>Milj\u00f6 och klimat kommer vara en av de viktigaste fr\u00e5gorna under EU-valr\u00f6relsen. F\u00f6r oss i Moderaterna \u00e4r det viktigt att arbetet med Fit-for-55 forts\u00e4tter under den kommande mandatperioden.\u201d <strong>Jessica Polfj\u00e4rd, EU-parlamentariker (M)<\/strong><\/p>\n<p>\u201dDet \u00e4r avg\u00f6rande att vi lyssnar p\u00e5 vetenskapen i klimatfr\u00e5gan. D\u00e4rf\u00f6r s\u00e5 tog vi beslut p\u00e5 Liberalernas landsm\u00f6te att EU-m\u00e5let till 2040 ska vara minus 95% minskning av utsl\u00e4ppen.\u201d <strong>Karin Karlsbro, EU-parlamentariker (L)<\/strong><\/p>\n<p>\u201dVi har inte satt n\u00e5got 2040-m\u00e5l, d\u00e5 det viktigaste \u00e4r att vi minskar utsl\u00e4ppen. EU har m\u00e5l till 2030 och 2050, det r\u00e4cker.\u201d<strong> Beatrice Timgren, kandidat till europaparlamentet (SD)<\/strong><\/p>\n<p>\u201cKristdemokraternas \u00f6vertygelse \u00e4r att omst\u00e4llningen g\u00e5r hand i hand med innovation, tillv\u00e4xt och ekonomisk trygghet f\u00f6r m\u00e4nniskor. Innan 2040-m\u00e5let f\u00f6r klimatutsl\u00e4ppen formellt skrivs in i EU-lag beh\u00f6ver omfattande analyser g\u00f6ras av vilka konsekvenser f\u00f6rslagen har.\u201d <strong>Alice Teodorescu M\u00e5we, kandidat till europaparlamentet (KD)<\/strong><\/p>\n","qoute":"","name":"","title-company":""},"_links":{"self":[{"href":"https:\/\/www.hagainitiativet.se\/en\/wp-json\/wp\/v2\/inlagg\/8053","targetHints":{"allow":["GET"]}}],"collection":[{"href":"https:\/\/www.hagainitiativet.se\/en\/wp-json\/wp\/v2\/inlagg"}],"about":[{"href":"https:\/\/www.hagainitiativet.se\/en\/wp-json\/wp\/v2\/types\/inlagg"}],"wp:featuredmedia":[{"embeddable":true,"href":"https:\/\/www.hagainitiativet.se\/en\/wp-json\/wp\/v2\/media\/8061"}],"wp:attachment":[{"href":"https:\/\/www.hagainitiativet.se\/en\/wp-json\/wp\/v2\/media?parent=8053"}],"wp:term":[{"taxonomy":"kategori","embeddable":true,"href":"https:\/\/www.hagainitiativet.se\/en\/wp-json\/wp\/v2\/kategori?post=8053"}],"curies":[{"name":"wp","href":"https:\/\/api.w.org\/{rel}","templated":true}]}}

Klimatmål 2040 – vad vill toppkandidaterna till europaparlamentet?

<p>Vi har valt inför valet den 9 juni att träffa svenska europaparlamentariker och deras staber. För att fortsätta en konkurrenskraftig grön omställning har vi lyft fram:</p>
<ul>
<li>Vikten av att se ett starkt svenskt ledarskap på klimatområdet för att skapa en bred och förankrad acceptans i omställningen.</li>
<li>Behovet av tydliga, långsiktiga och förutsägbara politiska beslut kring styrmedel för att möjliggöra för företagens kritiska investeringar och arbete i omställningen.</li>
<li>Att inte sänka ambitionerna inom Fit-for-55 och att genomföra lagpaketen.</li>
<li>Vikten av ett ambitiöst klimatmål till 2040. Hagainitiativet ser gärna ett mål på 90-95 procent minskning.</li>
</ul>
<p>&nbsp;</p>
<p>Partiernas ambitioner:</p>
<p>”Det absolut viktigaste är att vi verkar för att minska utsläppen här och nu, och de mål och åtgärder vi har i nuläget är inte i linje med Parisavtalet. Givet detta är rekommendationen om 90 procents netto-utsläppsminskning till 2040 också otillräcklig, i synnerhet givet EU:s potential att leda klimatomställningen globalt. Vi kommer därför driva på för en högre målsättning till 2040, med 95 procent absoluta utsläppsminskningar, och att mer kol binds i skog och mark än storleken på de kvarvarande utsläppen. Med andra ord måste EU vara mer än 100% till 2040 - binda mer koldioxid än vad vi släpper ut. För att ha förutsättningarna att nå detta krävs även högre ambition till 2030 och 2035.” <strong>Pär Holmgren, EU-parlamentariker (MP)</strong></p>
<p>”Till 2040 vill vi se ett EU-mål på 95 procent minskning”. <strong>Gustaf Svenungsson, politisk sakkunnig hos EU-parlamentariker Emma Wiesner (C)</strong></p>
<p>”Vänsterpartiet ser gärna ett nettonollmål till 2040 och därefter upptag. Vi vet att det kommer bli tufft, men vi kommer förhandla utifrån det.” <strong>Jonas Sjöstedt, kandidat till europaparlamentet (V)</strong></p>
<p>”EU-kommissionen har lagt fram förslag på 90% minskning till 2040. Vi i Socialdemokraterna står bakom ett mål på 95% minskning till 2040.”<strong> Heléne Fritzon, EU-parlamentariker (S)</strong></p>
<p>Miljö och klimat kommer vara en av de viktigaste frågorna under EU-valrörelsen. För oss i Moderaterna är det viktigt att arbetet med Fit-for-55 fortsätter under den kommande mandatperioden.” <strong>Jessica Polfjärd, EU-parlamentariker (M)</strong></p>
<p>”Det är avgörande att vi lyssnar på vetenskapen i klimatfrågan. Därför så tog vi beslut på Liberalernas landsmöte att EU-målet till 2040 ska vara minus 95% minskning av utsläppen.” <strong>Karin Karlsbro, EU-parlamentariker (L)</strong></p>
<p>”Vi har inte satt något 2040-mål, då det viktigaste är att vi minskar utsläppen. EU har mål till 2030 och 2050, det räcker.”<strong> Beatrice Timgren, kandidat till europaparlamentet (SD)</strong></p>
<p>“Kristdemokraternas övertygelse är att omställningen går hand i hand med innovation, tillväxt och ekonomisk trygghet för människor. Innan 2040-målet för klimatutsläppen formellt skrivs in i EU-lag behöver omfattande analyser göras av vilka konsekvenser förslagen har.” <strong>Alice Teodorescu Måwe, kandidat till europaparlamentet (KD)</strong></p>
