{"id":8074,"date":"2024-06-05T12:17:32","date_gmt":"2024-06-05T10:17:32","guid":{"rendered":"https:\/\/www.hagainitiativet.se\/?post_type=inlagg&#038;p=8074"},"modified":"2024-06-07T10:17:30","modified_gmt":"2024-06-07T08:17:30","slug":"aktuell-hallbarhet-stort-foretagsupprop-kraver-fortsatt-klimatomstallning-nodvandigt-for-konkurrenskraften","status":"publish","type":"inlagg","link":"https:\/\/www.hagainitiativet.se\/en\/inlagg\/aktuell-hallbarhet-stort-foretagsupprop-kraver-fortsatt-klimatomstallning-nodvandigt-for-konkurrenskraften\/","title":{"rendered":"Aktuell H\u00e5llbarhet: Stort f\u00f6retagsupprop kr\u00e4ver fortsatt klimatomst\u00e4llning: \u201dN\u00f6dv\u00e4ndigt f\u00f6r konkurrenskraften\u201d"},"content":{"rendered":"","protected":false},"excerpt":{"rendered":"","protected":false},"featured_media":0,"parent":0,"template":"","kategori":[31],"class_list":["post-8074","inlagg","type-inlagg","status-publish","hentry","kategori-artiklar"],"meta_box":{"show_post_en":"0","text":"<p>L\u00e4s artikeln <a href=\"https:\/\/www.aktuellhallbarhet.se\/miljo\/klimat\/stort-foretagsupprop-kraver-fortsatt-klimatomstallning-nodvandigt-for-konkurrenskraften\/?utm_medium=Social&amp;utm_source=Twitter#Echobox=1717149095-2\">h\u00e4r<\/a>.<\/p>\n","qoute":"","name":"","title-company":""},"_links":{"self":[{"href":"https:\/\/www.hagainitiativet.se\/en\/wp-json\/wp\/v2\/inlagg\/8074","targetHints":{"allow":["GET"]}}],"collection":[{"href":"https:\/\/www.hagainitiativet.se\/en\/wp-json\/wp\/v2\/inlagg"}],"about":[{"href":"https:\/\/www.hagainitiativet.se\/en\/wp-json\/wp\/v2\/types\/inlagg"}],"wp:attachment":[{"href":"https:\/\/www.hagainitiativet.se\/en\/wp-json\/wp\/v2\/media?parent=8074"}],"wp:term":[{"taxonomy":"kategori","embeddable":true,"href":"https:\/\/www.hagainitiativet.se\/en\/wp-json\/wp\/v2\/kategori?post=8074"}],"curies":[{"name":"wp","href":"https:\/\/api.w.org\/{rel}","templated":true}]}}

Aktuell Hållbarhet: Stort företagsupprop kräver fortsatt klimatomställning: ”Nödvändigt för konkurrenskraften”

<p>Läs artikeln <a href="https://www.aktuellhallbarhet.se/miljo/klimat/stort-foretagsupprop-kraver-fortsatt-klimatomstallning-nodvandigt-for-konkurrenskraften/?utm_medium=Social&amp;utm_source=Twitter#Echobox=1717149095-2">här</a>.</p>
