{"id":8089,"date":"2024-06-07T10:26:14","date_gmt":"2024-06-07T08:26:14","guid":{"rendered":"https:\/\/www.hagainitiativet.se\/?post_type=inlagg&#038;p=8089"},"modified":"2024-06-07T10:26:15","modified_gmt":"2024-06-07T08:26:15","slug":"hagainitiativet-med-i-stort-europeiskt-upprop","status":"publish","type":"inlagg","link":"https:\/\/www.hagainitiativet.se\/en\/inlagg\/hagainitiativet-med-i-stort-europeiskt-upprop\/","title":{"rendered":"Hagainitiativet med i stort europeiskt upprop"},"content":{"rendered":"","protected":false},"excerpt":{"rendered":"","protected":false},"featured_media":8076,"parent":0,"template":"","kategori":[17],"class_list":["post-8089","inlagg","type-inlagg","status-publish","has-post-thumbnail","hentry","kategori-nyheter"],"meta_box":{"show_post_en":"0","text":"<p>Hagainitiativet har tillsammans med 53 andra stora n\u00e4tverk och civilsamh\u00e4llet skrivit ett \u00f6ppet brev med anledning av EU:s kommande strategiska plan f\u00f6r 2024-2029. Det \u00f6ppna brevet har skickats till EU-r\u00e5dets Charles Michel, EU-kommissionens ordf\u00f6rande Ursula von der Leyen och samtliga stats- och regeringschefer.<\/p>\n<p>Kravet: Prioritera en r\u00e4ttvis, gr\u00f6n klimatomst\u00e4llning i EU:s kommande strategi. Ett stort antal europeiska f\u00f6retag, f\u00f6retagsn\u00e4tverk och civilsamh\u00e4llesorganisationer har gemensamt formulerat ett brev till EU:s tv\u00e5 h\u00f6gsta f\u00f6retr\u00e4dare och alla stats\u00f6verhuvuden.<\/p>\n<p>L\u00e4s artikeln <a href=\"https:\/\/www.aktuellhallbarhet.se\/miljo\/klimat\/stort-foretagsupprop-kraver-fortsatt-klimatomstallning-nodvandigt-for-konkurrenskraften\/\">h\u00e4r<\/a>.<\/p>\n","qoute":"","name":"","title-company":""},"_links":{"self":[{"href":"https:\/\/www.hagainitiativet.se\/en\/wp-json\/wp\/v2\/inlagg\/8089","targetHints":{"allow":["GET"]}}],"collection":[{"href":"https:\/\/www.hagainitiativet.se\/en\/wp-json\/wp\/v2\/inlagg"}],"about":[{"href":"https:\/\/www.hagainitiativet.se\/en\/wp-json\/wp\/v2\/types\/inlagg"}],"wp:featuredmedia":[{"embeddable":true,"href":"https:\/\/www.hagainitiativet.se\/en\/wp-json\/wp\/v2\/media\/8076"}],"wp:attachment":[{"href":"https:\/\/www.hagainitiativet.se\/en\/wp-json\/wp\/v2\/media?parent=8089"}],"wp:term":[{"taxonomy":"kategori","embeddable":true,"href":"https:\/\/www.hagainitiativet.se\/en\/wp-json\/wp\/v2\/kategori?post=8089"}],"curies":[{"name":"wp","href":"https:\/\/api.w.org\/{rel}","templated":true}]}}

<p>Hagainitiativet har tillsammans med 53 andra stora nätverk och civilsamhället skrivit ett öppet brev med anledning av EU:s kommande strategiska plan för 2024-2029. Det öppna brevet har skickats till EU-rådets Charles Michel, EU-kommissionens ordförande Ursula von der Leyen och samtliga stats- och regeringschefer.</p>
<p>Kravet: Prioritera en rättvis, grön klimatomställning i EU:s kommande strategi. Ett stort antal europeiska företag, företagsnätverk och civilsamhällesorganisationer har gemensamt formulerat ett brev till EU:s två högsta företrädare och alla statsöverhuvuden.</p>
<p>Läs artikeln <a href="https://www.aktuellhallbarhet.se/miljo/klimat/stort-foretagsupprop-kraver-fortsatt-klimatomstallning-nodvandigt-for-konkurrenskraften/">här</a>.</p>
