{"id":8117,"date":"2024-06-07T16:44:00","date_gmt":"2024-06-07T14:44:00","guid":{"rendered":"https:\/\/www.hagainitiativet.se\/?post_type=inlagg&#038;p=8117"},"modified":"2024-06-10T16:50:03","modified_gmt":"2024-06-10T14:50:03","slug":"eu-valets-betydelse-for-naringslivets-grona-omstallning","status":"publish","type":"inlagg","link":"https:\/\/www.hagainitiativet.se\/en\/inlagg\/eu-valets-betydelse-for-naringslivets-grona-omstallning\/","title":{"rendered":"EU-valets betydelse f\u00f6r n\u00e4ringslivets gr\u00f6na omst\u00e4llning"},"content":{"rendered":"","protected":false},"excerpt":{"rendered":"","protected":false},"featured_media":8120,"parent":0,"template":"","kategori":[17],"class_list":["post-8117","inlagg","type-inlagg","status-publish","has-post-thumbnail","hentry","kategori-nyheter"],"meta_box":{"show_post_en":"0","text":"<p>Inf\u00f6r EU-valet den 9 juni har Hagainitiativet gjort en enk\u00e4t bland 35 medelstora och stora bolag p\u00e5 b\u00f6rsen.\u00a0Enk\u00e4ten visade att 91 procent av f\u00f6retagen anser att EU:s klimatpolitik \u00e4r positiv f\u00f6r deras f\u00f6retag. 80 procent av f\u00f6retagen svarar att EU:s klimatm\u00e5l med Fitfor55 har haft n\u00e5gon betydelse f\u00f6r f\u00f6retagens arbete mot deras klimatm\u00e5l. Vi ser att EU-valet kommer att vara ett av de viktigaste valen f\u00f6r n\u00e4ringslivets gr\u00f6na omst\u00e4llning och f\u00f6r att klara klimatm\u00e5len.<\/p>\n","qoute":"","name":"","title-company":""},"_links":{"self":[{"href":"https:\/\/www.hagainitiativet.se\/en\/wp-json\/wp\/v2\/inlagg\/8117","targetHints":{"allow":["GET"]}}],"collection":[{"href":"https:\/\/www.hagainitiativet.se\/en\/wp-json\/wp\/v2\/inlagg"}],"about":[{"href":"https:\/\/www.hagainitiativet.se\/en\/wp-json\/wp\/v2\/types\/inlagg"}],"wp:featuredmedia":[{"embeddable":true,"href":"https:\/\/www.hagainitiativet.se\/en\/wp-json\/wp\/v2\/media\/8120"}],"wp:attachment":[{"href":"https:\/\/www.hagainitiativet.se\/en\/wp-json\/wp\/v2\/media?parent=8117"}],"wp:term":[{"taxonomy":"kategori","embeddable":true,"href":"https:\/\/www.hagainitiativet.se\/en\/wp-json\/wp\/v2\/kategori?post=8117"}],"curies":[{"name":"wp","href":"https:\/\/api.w.org\/{rel}","templated":true}]}}

EU-valets betydelse för näringslivets gröna omställning

<p>Inför EU-valet den 9 juni har Hagainitiativet gjort en enkät bland 35 medelstora och stora bolag på börsen. Enkäten visade att 91 procent av företagen anser att EU:s klimatpolitik är positiv för deras företag. 80 procent av företagen svarar att EU:s klimatmål med Fitfor55 har haft någon betydelse för företagens arbete mot deras klimatmål. Vi ser att EU-valet kommer att vara ett av de viktigaste valen för näringslivets gröna omställning och för att klara klimatmålen.</p>
