{"id":8499,"date":"2024-10-01T11:15:00","date_gmt":"2024-10-01T09:15:00","guid":{"rendered":"https:\/\/www.hagainitiativet.se\/?post_type=inlagg&#038;p=8499"},"modified":"2024-10-18T11:56:37","modified_gmt":"2024-10-18T09:56:37","slug":"oppet-brev-till-regeringen-prioritera-upp-biologisk-mangfald","status":"publish","type":"inlagg","link":"https:\/\/www.hagainitiativet.se\/en\/inlagg\/oppet-brev-till-regeringen-prioritera-upp-biologisk-mangfald\/","title":{"rendered":"\u00d6ppet brev till regeringen: Prioritera upp biologisk m\u00e5ngfald"},"content":{"rendered":"","protected":false},"excerpt":{"rendered":"","protected":false},"featured_media":8501,"parent":0,"template":"","kategori":[17],"class_list":["post-8499","inlagg","type-inlagg","status-publish","has-post-thumbnail","hentry","kategori-nyheter"],"meta_box":{"show_post_en":"0","text":"<p style=\"font-weight: 400\">Hagainitiativet har tillsammans med andra f\u00f6retag och WWF skickat ett \u00f6ppet brev till klimat- och milj\u00f6minister Romina Pourmokhtari, energi- och n\u00e4ringsminister Ebba Busch och landsbygdsminister Peter Kullgren d\u00e4r vi ber regeringen att \u00f6ka prioriteringen kring natur och biologiskm\u00e5ngfald.<\/p>\n<p style=\"font-weight: 400\">Tre f\u00f6rslag:<\/p>\n<ol>\n<li style=\"font-weight: 400\">Ta fram en ambiti\u00f6s och full\u00f6dig nationell handlingsplan f\u00f6r naturen.<\/li>\n<\/ol>\n<ol start=\"2\">\n<li style=\"font-weight: 400\">Tills\u00e4tt en nationell samordnare f\u00f6r branschvisa f\u00e4rdplaner, motsvarande f\u00f6r Fossilfritt Sverige.<\/li>\n<\/ol>\n<ol start=\"3\">\n<li style=\"font-weight: 400\">Inr\u00e4tta ett naturpolitiskt ramverk, motsvarande det klimatpolitiska ramverket.<\/li>\n<\/ol>\n<p style=\"font-weight: 400\">Brevet har signerats av: Nina Ekelund p\u00e5 Hagainitiativet, Emelie Hansson p\u00e5 Martin &amp; Servera-gruppen, Ida Ljungkvist p\u00e5 Scandi Standard, Karolina Brick p\u00e5 Hems\u00f6, Monica Soldinger Almefelt p\u00e5 Swerock, Erika Svensson p\u00e5 Apotea samt Gustaf Lind p\u00e5 WWF.<\/p>\n<p style=\"font-weight: 400\">L\u00e4s brevet <a href=\"https:\/\/www.wwf.se\/nyheter\/oppet-brev-till-regeringen-ge-biologisk-mangfald-prioritet-i-svensk-politik\/\">h\u00e4r<\/a>.<\/p>\n<p style=\"font-weight: 400\">Hagainitiativets rapport om biologisk m\u00e5ngfald \u2013 l\u00e4s <a href=\"https:\/\/www.hagainitiativet.se\/wp-content\/uploads\/2024\/06\/Rapport-Biologisk-mangfald-Hagainitiativet.pdf\">h\u00e4r<\/a>.<\/p>\n","qoute":"","name":"","title-company":""},"_links":{"self":[{"href":"https:\/\/www.hagainitiativet.se\/en\/wp-json\/wp\/v2\/inlagg\/8499","targetHints":{"allow":["GET"]}}],"collection":[{"href":"https:\/\/www.hagainitiativet.se\/en\/wp-json\/wp\/v2\/inlagg"}],"about":[{"href":"https:\/\/www.hagainitiativet.se\/en\/wp-json\/wp\/v2\/types\/inlagg"}],"wp:featuredmedia":[{"embeddable":true,"href":"https:\/\/www.hagainitiativet.se\/en\/wp-json\/wp\/v2\/media\/8501"}],"wp:attachment":[{"href":"https:\/\/www.hagainitiativet.se\/en\/wp-json\/wp\/v2\/media?parent=8499"}],"wp:term":[{"taxonomy":"kategori","embeddable":true,"href":"https:\/\/www.hagainitiativet.se\/en\/wp-json\/wp\/v2\/kategori?post=8499"}],"curies":[{"name":"wp","href":"https:\/\/api.w.org\/{rel}","templated":true}]}}

Öppet brev till regeringen: Prioritera upp biologisk mångfald

<p style="font-weight: 400">Hagainitiativet har tillsammans med andra företag och WWF skickat ett öppet brev till klimat- och miljöminister Romina Pourmokhtari, energi- och näringsminister Ebba Busch och landsbygdsminister Peter Kullgren där vi ber regeringen att öka prioriteringen kring natur och biologiskmångfald.</p>
<p style="font-weight: 400">Tre förslag:</p>
<ol>
<li style="font-weight: 400">Ta fram en ambitiös och fullödig nationell handlingsplan för naturen.</li>
</ol>
<ol start="2">
<li style="font-weight: 400">Tillsätt en nationell samordnare för branschvisa färdplaner, motsvarande för Fossilfritt Sverige.</li>
</ol>
<ol start="3">
<li style="font-weight: 400">Inrätta ett naturpolitiskt ramverk, motsvarande det klimatpolitiska ramverket.</li>
</ol>
<p style="font-weight: 400">Brevet har signerats av: Nina Ekelund på Hagainitiativet, Emelie Hansson på Martin &amp; Servera-gruppen, Ida Ljungkvist på Scandi Standard, Karolina Brick på Hemsö, Monica Soldinger Almefelt på Swerock, Erika Svensson på Apotea samt Gustaf Lind på WWF.</p>
<p style="font-weight: 400">Läs brevet <a href="https://www.wwf.se/nyheter/oppet-brev-till-regeringen-ge-biologisk-mangfald-prioritet-i-svensk-politik/">här</a>.</p>
<p style="font-weight: 400">Hagainitiativets rapport om biologisk mångfald – läs <a href="https://www.hagainitiativet.se/wp-content/uploads/2024/06/Rapport-Biologisk-mangfald-Hagainitiativet.pdf">här</a>.</p>
