{"id":8908,"date":"2025-02-05T10:31:27","date_gmt":"2025-02-05T09:31:27","guid":{"rendered":"https:\/\/www.hagainitiativet.se\/?post_type=inlagg&#038;p=8908"},"modified":"2025-02-05T10:32:32","modified_gmt":"2025-02-05T09:32:32","slug":"nyhetsbrev-januari-4","status":"publish","type":"inlagg","link":"https:\/\/www.hagainitiativet.se\/en\/inlagg\/nyhetsbrev-januari-4\/","title":{"rendered":"Nyhetsbrev januari"},"content":{"rendered":"","protected":false},"excerpt":{"rendered":"","protected":false},"featured_media":8911,"parent":0,"template":"","kategori":[15],"class_list":["post-8908","inlagg","type-inlagg","status-publish","has-post-thumbnail","hentry","kategori-nyhetsbrev"],"meta_box":{"show_post_en":"0","text":"<ul>\n<li>Nu v\u00e4xlar Hagainitiativet upp<\/li>\n<li>Intervju med Jakop Dalunde, ny generalsekreterare f\u00f6r Hagainitiativet!<\/li>\n<li>G\u00f6teborgs-posten: Klimatpolitiken m\u00e5ste l\u00f6sas \u00f6ver blockgr\u00e4nserna - l\u00e4r av hur EU g\u00f6r<\/li>\n<li>SAVE THE DATE: Webbinarium:\u00a0Framtiden f\u00f6r EU:s klimatpolitik \u2013 hur ser det ut?<\/li>\n<li>Heja J\u00f6nk\u00f6pings l\u00e4n - nu kan f\u00f6retagen anta h\u00e5llbarhetsl\u00f6ften<\/li>\n<li>Stafettpinnen f\u00f6r 100 cirkul\u00e4ra exempel l\u00e4mnas \u00f6ver till Cradlenet<\/li>\n<li>Supermilj\u00f6bloggen: Nina Ekelund: \u201dOm vi alla agerar kanske vi f\u00e5r politikerna att g\u00f6ra det ocks\u00e5\u201d<\/li>\n<li>Vill du vara med och p\u00e5verka? Hagainitiativet s\u00f6ker nya medlemmar<\/li>\n<li>Stena Recycling:\u00a0\u00c5tervunna d\u00e4ck - nytt r\u00e5material till st\u00e5lindustrin<\/li>\n<li>Folksam:\u00a0Folksamgruppen s\u00e4tter ambiti\u00f6sa klimatm\u00e5l f\u00f6r 2030<\/li>\n<li>Hagabloggen:\u00a0Cirkul\u00e4r ekonomi \u2013 en nyckelfr\u00e5ga f\u00f6r Europas konkurrenskraft och klimatomst\u00e4llning<\/li>\n<\/ul>\n<p>L\u00e4s hela nyhetsbrevet <a href=\"https:\/\/mailchi.mp\/hagainitiativet\/nyhetsbrev-december2023ver2-7536281-oxh8uyriio-10970443?e=a74b87a8e8\">h\u00e4r<\/a>.<\/p>\n","qoute":"","name":"","title-company":""},"_links":{"self":[{"href":"https:\/\/www.hagainitiativet.se\/en\/wp-json\/wp\/v2\/inlagg\/8908","targetHints":{"allow":["GET"]}}],"collection":[{"href":"https:\/\/www.hagainitiativet.se\/en\/wp-json\/wp\/v2\/inlagg"}],"about":[{"href":"https:\/\/www.hagainitiativet.se\/en\/wp-json\/wp\/v2\/types\/inlagg"}],"wp:featuredmedia":[{"embeddable":true,"href":"https:\/\/www.hagainitiativet.se\/en\/wp-json\/wp\/v2\/media\/8911"}],"wp:attachment":[{"href":"https:\/\/www.hagainitiativet.se\/en\/wp-json\/wp\/v2\/media?parent=8908"}],"wp:term":[{"taxonomy":"kategori","embeddable":true,"href":"https:\/\/www.hagainitiativet.se\/en\/wp-json\/wp\/v2\/kategori?post=8908"}],"curies":[{"name":"wp","href":"https:\/\/api.w.org\/{rel}","templated":true}]}}

<ul>
<li>Nu växlar Hagainitiativet upp</li>
<li>Intervju med Jakop Dalunde, ny generalsekreterare för Hagainitiativet!</li>
<li>Göteborgs-posten: Klimatpolitiken måste lösas över blockgränserna - lär av hur EU gör</li>
<li>SAVE THE DATE: Webbinarium: Framtiden för EU:s klimatpolitik – hur ser det ut?</li>
<li>Heja Jönköpings län - nu kan företagen anta hållbarhetslöften</li>
<li>Stafettpinnen för 100 cirkulära exempel lämnas över till Cradlenet</li>
<li>Supermiljöbloggen: Nina Ekelund: ”Om vi alla agerar kanske vi får politikerna att göra det också”</li>
<li>Vill du vara med och påverka? Hagainitiativet söker nya medlemmar</li>
<li>Stena Recycling: Återvunna däck - nytt råmaterial till stålindustrin</li>
<li>Folksam: Folksamgruppen sätter ambitiösa klimatmål för 2030</li>
<li>Hagabloggen: Cirkulär ekonomi – en nyckelfråga för Europas konkurrenskraft och klimatomställning</li>
</ul>
<p>Läs hela nyhetsbrevet <a href="https://mailchi.mp/hagainitiativet/nyhetsbrev-december2023ver2-7536281-oxh8uyriio-10970443?e=a74b87a8e8">här</a>.</p>
