{"id":8912,"date":"2025-02-18T14:13:30","date_gmt":"2025-02-18T13:13:30","guid":{"rendered":"https:\/\/www.hagainitiativet.se\/?post_type=inlagg&#038;p=8912"},"modified":"2025-03-05T09:02:19","modified_gmt":"2025-03-05T08:02:19","slug":"webbinarium-framtiden-for-eus-klimatpolitik-hur-ser-den-ut","status":"publish","type":"inlagg","link":"https:\/\/www.hagainitiativet.se\/en\/inlagg\/webbinarium-framtiden-for-eus-klimatpolitik-hur-ser-den-ut\/","title":{"rendered":"Webbinarium: Framtiden f\u00f6r EU:s klimatpolitik &#8211; hur ser det ut?"},"content":{"rendered":"","protected":false},"excerpt":{"rendered":"","protected":false},"featured_media":8925,"parent":0,"template":"","kategori":[16],"class_list":["post-8912","inlagg","type-inlagg","status-publish","has-post-thumbnail","hentry","kategori-seminarier"],"meta_box":{"show_post_en":"0","text":"<p>Hur navigerar EU i klimatfr\u00e5gan i tider av geopolitisk turbulens? Vilka perspektiv finns i Draghi-rapporten och den nya EU-kommissionens strategiska kompass? Vad kan komma att p\u00e5verka f\u00f6retagen fram\u00f6ver i den nya geopolitiska verkligheten? Vilka fr\u00e5gor \u00e4r viktiga f\u00f6r svenska f\u00f6retag?<\/p>\n<p>&nbsp;<\/p>\n<p><strong>Tid och datum:<\/strong> 7 mars kl 9.00-10.00<\/p>\n<p><strong>Plats:<\/strong> Digitalt via Zoom<\/p>\n<p>&nbsp;<\/p>\n<p>Medverkande<\/p>\n<p>Isabella L\u00f6vin, EU-parlamentariker (MP)<\/p>\n<p>Jytte Guteland, riksdagsledamot (S), ledamot i EU-n\u00e4mnden<\/p>\n<p>Katarina Thorling, h\u00e5llbarhetschef, Preem<\/p>\n<p>Alarik Sandrup, n\u00e4ringspolitisk chef, Lantm\u00e4nnen<\/p>\n<p>Sara Davidsson, Sustainability &amp; Compliance Director, Stena Recycling<\/p>\n<p>Jakop Dalunde, generalsekreterare, Hagainitiativet<\/p>\n<p>Nina Ekelund, ordf\u00f6rande, Hagainitiativet (moderator)<\/p>\n<p>&nbsp;<\/p>\n<p>Anm\u00e4lan g\u00f6rs via l\u00e4nk <a href=\"https:\/\/us02web.zoom.us\/webinar\/register\/WN_PpH4NgaPTmCKrh8ICpYvbQ#\/registration\">h\u00e4r<\/a>.<\/p>\n","qoute":"","name":"","title-company":""},"_links":{"self":[{"href":"https:\/\/www.hagainitiativet.se\/en\/wp-json\/wp\/v2\/inlagg\/8912","targetHints":{"allow":["GET"]}}],"collection":[{"href":"https:\/\/www.hagainitiativet.se\/en\/wp-json\/wp\/v2\/inlagg"}],"about":[{"href":"https:\/\/www.hagainitiativet.se\/en\/wp-json\/wp\/v2\/types\/inlagg"}],"wp:featuredmedia":[{"embeddable":true,"href":"https:\/\/www.hagainitiativet.se\/en\/wp-json\/wp\/v2\/media\/8925"}],"wp:attachment":[{"href":"https:\/\/www.hagainitiativet.se\/en\/wp-json\/wp\/v2\/media?parent=8912"}],"wp:term":[{"taxonomy":"kategori","embeddable":true,"href":"https:\/\/www.hagainitiativet.se\/en\/wp-json\/wp\/v2\/kategori?post=8912"}],"curies":[{"name":"wp","href":"https:\/\/api.w.org\/{rel}","templated":true}]}}

Webbinarium: Framtiden för EU:s klimatpolitik &#8211; hur ser det ut?

<p>Hur navigerar EU i klimatfrågan i tider av geopolitisk turbulens? Vilka perspektiv finns i Draghi-rapporten och den nya EU-kommissionens strategiska kompass? Vad kan komma att påverka företagen framöver i den nya geopolitiska verkligheten? Vilka frågor är viktiga för svenska företag?</p>
<p>&nbsp;</p>
<p><strong>Tid och datum:</strong> 7 mars kl 9.00-10.00</p>
<p><strong>Plats:</strong> Digitalt via Zoom</p>
<p>&nbsp;</p>
<p>Medverkande</p>
<p>Isabella Lövin, EU-parlamentariker (MP)</p>
<p>Jytte Guteland, riksdagsledamot (S), ledamot i EU-nämnden</p>
<p>Katarina Thorling, hållbarhetschef, Preem</p>
<p>Alarik Sandrup, näringspolitisk chef, Lantmännen</p>
<p>Sara Davidsson, Sustainability &amp; Compliance Director, Stena Recycling</p>
<p>Jakop Dalunde, generalsekreterare, Hagainitiativet</p>
<p>Nina Ekelund, ordförande, Hagainitiativet (moderator)</p>
<p>&nbsp;</p>
<p>Anmälan görs via länk <a href="https://us02web.zoom.us/webinar/register/WN_PpH4NgaPTmCKrh8ICpYvbQ#/registration">här</a>.</p>
