{"id":8926,"date":"2025-03-10T15:24:11","date_gmt":"2025-03-10T14:24:11","guid":{"rendered":"https:\/\/www.hagainitiativet.se\/?post_type=inlagg&#038;p=8926"},"modified":"2025-03-10T15:24:11","modified_gmt":"2025-03-10T14:24:11","slug":"missade-du-webbinariet-framtiden-for-eus-klimatpolitik-hur-ser-det-ut-finns-nu-pa-youtube","status":"publish","type":"inlagg","link":"https:\/\/www.hagainitiativet.se\/en\/inlagg\/missade-du-webbinariet-framtiden-for-eus-klimatpolitik-hur-ser-det-ut-finns-nu-pa-youtube\/","title":{"rendered":"Missade du webbinariet Framtiden f\u00f6r EU:s klimatpolitik &#8211; hur ser det ut? Finns nu p\u00e5 Youtube."},"content":{"rendered":"","protected":false},"excerpt":{"rendered":"","protected":false},"featured_media":8930,"parent":0,"template":"","kategori":[17],"class_list":["post-8926","inlagg","type-inlagg","status-publish","has-post-thumbnail","hentry","kategori-nyheter"],"meta_box":{"show_post_en":"0","text":"<p>I fredags arrangerade vi i Hagainitiativet webbinariet Framtiden f\u00f6r EU:s klimatpolitik - hur ser det ut? Vi samtalade bland annat om EU:s nya Clean Industrial Deal med f\u00f6retagsrepresentanter och politiker om vad de ser som utmaningar nu och framgent samt hur EU navigerar i klimatfr\u00e5gan fram\u00f6ver i den nya geopolitiska verkligheten.<\/p>\n<p>Se webbinariet\u00a0<a class=\"app-aware-link \" href=\"https:\/\/www.youtube.com\/watch?v=ciykhewa4iQ&amp;t=7s\" data-test-app-aware-link=\"\">h\u00e4r.<\/a><\/p>\n<p><strong>Medverkande<\/strong><\/p>\n<p>Isabella L\u00f6vin, EU-parlamentariker (MP)<\/p>\n<p>Jytte Guteland, riksdagsledamot (S), EU-n\u00e4mnden<\/p>\n<p>Katarina Thorling, h\u00e5llbarhetschef, Preem<\/p>\n<p>Alarik Sandrup, n\u00e4ringspolitisk chef, Lantm\u00e4nnen<\/p>\n<p>Sara Davidsson, Sustainability &amp; Compliance Director, Stena Recycling<\/p>\n<p>Jakop Dalunde, generalsekreterare, Hagainitiativet<\/p>\n<p>Nina Ekelund, ordf\u00f6rande, Hagainitiativet (moderator)<\/p>\n<p>&nbsp;<\/p>\n","qoute":"","name":"","title-company":""},"_links":{"self":[{"href":"https:\/\/www.hagainitiativet.se\/en\/wp-json\/wp\/v2\/inlagg\/8926","targetHints":{"allow":["GET"]}}],"collection":[{"href":"https:\/\/www.hagainitiativet.se\/en\/wp-json\/wp\/v2\/inlagg"}],"about":[{"href":"https:\/\/www.hagainitiativet.se\/en\/wp-json\/wp\/v2\/types\/inlagg"}],"wp:featuredmedia":[{"embeddable":true,"href":"https:\/\/www.hagainitiativet.se\/en\/wp-json\/wp\/v2\/media\/8930"}],"wp:attachment":[{"href":"https:\/\/www.hagainitiativet.se\/en\/wp-json\/wp\/v2\/media?parent=8926"}],"wp:term":[{"taxonomy":"kategori","embeddable":true,"href":"https:\/\/www.hagainitiativet.se\/en\/wp-json\/wp\/v2\/kategori?post=8926"}],"curies":[{"name":"wp","href":"https:\/\/api.w.org\/{rel}","templated":true}]}}

Missade du webbinariet Framtiden för EU:s klimatpolitik &#8211; hur ser det ut? Finns nu på Youtube.

<p>I fredags arrangerade vi i Hagainitiativet webbinariet Framtiden för EU:s klimatpolitik - hur ser det ut? Vi samtalade bland annat om EU:s nya Clean Industrial Deal med företagsrepresentanter och politiker om vad de ser som utmaningar nu och framgent samt hur EU navigerar i klimatfrågan framöver i den nya geopolitiska verkligheten.</p>
<p>Se webbinariet <a class="app-aware-link " href="https://www.youtube.com/watch?v=ciykhewa4iQ&amp;t=7s" data-test-app-aware-link="">här.</a></p>
<p><strong>Medverkande</strong></p>
<p>Isabella Lövin, EU-parlamentariker (MP)</p>
<p>Jytte Guteland, riksdagsledamot (S), EU-nämnden</p>
<p>Katarina Thorling, hållbarhetschef, Preem</p>
<p>Alarik Sandrup, näringspolitisk chef, Lantmännen</p>
<p>Sara Davidsson, Sustainability &amp; Compliance Director, Stena Recycling</p>
<p>Jakop Dalunde, generalsekreterare, Hagainitiativet</p>
<p>Nina Ekelund, ordförande, Hagainitiativet (moderator)</p>
<p>&nbsp;</p>
