{"id":8938,"date":"2025-03-24T11:45:43","date_gmt":"2025-03-24T10:45:43","guid":{"rendered":"https:\/\/www.hagainitiativet.se\/?post_type=inlagg&#038;p=8938"},"modified":"2025-03-24T15:40:02","modified_gmt":"2025-03-24T14:40:02","slug":"aktuell-hallbarhet-den-grona-omstallningen-starker-sveriges-konkurrenskraft-och-sjalvforsorjning-2","status":"publish","type":"inlagg","link":"https:\/\/www.hagainitiativet.se\/en\/inlagg\/aktuell-hallbarhet-den-grona-omstallningen-starker-sveriges-konkurrenskraft-och-sjalvforsorjning-2\/","title":{"rendered":"Aktuell H\u00e5llbarhet: \u201dDen gr\u00f6na omst\u00e4llningen st\u00e4rker Sveriges konkurrenskraft och sj\u00e4lvf\u00f6rs\u00f6rjning\u201d"},"content":{"rendered":"","protected":false},"excerpt":{"rendered":"","protected":false},"featured_media":8946,"parent":0,"template":"","kategori":[17],"class_list":["post-8938","inlagg","type-inlagg","status-publish","has-post-thumbnail","hentry","kategori-nyheter"],"meta_box":{"show_post_en":"0","text":"<p>EU:s klimatpolitik \u00e4r en nyckel till framtida ekonomiskt v\u00e4lst\u00e5nd, \u00f6kad sj\u00e4lvf\u00f6rs\u00f6rjning och st\u00e4rkt motst\u00e5ndskraft mot globala ekonomiska och geopolitiska risker. Detta skulle \u00e4ventyras om delar av EU:s klimatpolitik rivs upp, skriver Nina Ekelund och Jakop Dalunde p\u00e5 Hagainitiativet.<\/p>\n<p>L\u00e4s hela debattartikeln <a href=\"https:\/\/www.aktuellhallbarhet.se\/opinion\/debatt\/den-grona-omstallningen-starker-sveriges-konkurrenskraft-och-sjalvforsorjning\/\">h\u00e4r<\/a>.<\/p>\n","qoute":"","name":"","title-company":""},"_links":{"self":[{"href":"https:\/\/www.hagainitiativet.se\/en\/wp-json\/wp\/v2\/inlagg\/8938","targetHints":{"allow":["GET"]}}],"collection":[{"href":"https:\/\/www.hagainitiativet.se\/en\/wp-json\/wp\/v2\/inlagg"}],"about":[{"href":"https:\/\/www.hagainitiativet.se\/en\/wp-json\/wp\/v2\/types\/inlagg"}],"wp:featuredmedia":[{"embeddable":true,"href":"https:\/\/www.hagainitiativet.se\/en\/wp-json\/wp\/v2\/media\/8946"}],"wp:attachment":[{"href":"https:\/\/www.hagainitiativet.se\/en\/wp-json\/wp\/v2\/media?parent=8938"}],"wp:term":[{"taxonomy":"kategori","embeddable":true,"href":"https:\/\/www.hagainitiativet.se\/en\/wp-json\/wp\/v2\/kategori?post=8938"}],"curies":[{"name":"wp","href":"https:\/\/api.w.org\/{rel}","templated":true}]}}

Aktuell Hållbarhet: ”Den gröna omställningen stärker Sveriges konkurrenskraft och självförsörjning”

<p>EU:s klimatpolitik är en nyckel till framtida ekonomiskt välstånd, ökad självförsörjning och stärkt motståndskraft mot globala ekonomiska och geopolitiska risker. Detta skulle äventyras om delar av EU:s klimatpolitik rivs upp, skriver Nina Ekelund och Jakop Dalunde på Hagainitiativet.</p>
<p>Läs hela debattartikeln <a href="https://www.aktuellhallbarhet.se/opinion/debatt/den-grona-omstallningen-starker-sveriges-konkurrenskraft-och-sjalvforsorjning/">här</a>.</p>
