{"id":8961,"date":"2025-03-31T17:03:42","date_gmt":"2025-03-31T15:03:42","guid":{"rendered":"https:\/\/www.hagainitiativet.se\/?post_type=inlagg&#038;p=8961"},"modified":"2025-03-31T17:03:42","modified_gmt":"2025-03-31T15:03:42","slug":"jakop-dalunde-i-ny-roll","status":"publish","type":"inlagg","link":"https:\/\/www.hagainitiativet.se\/en\/inlagg\/jakop-dalunde-i-ny-roll\/","title":{"rendered":"Jakop Dalunde i ny roll"},"content":{"rendered":"","protected":false},"excerpt":{"rendered":"","protected":false},"featured_media":8880,"parent":0,"template":"","kategori":[17],"class_list":["post-8961","inlagg","type-inlagg","status-publish","has-post-thumbnail","hentry","kategori-nyheter"],"meta_box":{"show_post_en":"0","text":"<p><strong>Idag blev det offentligt att Hagainitiativets generalsekreterare Jakop Dalunde \u00e4r f\u00f6reslagen till nytt trafikregionr\u00e5d i Stockholm. Om han blir vald s\u00e5 tilltr\u00e4der han i november. Under v\u00e5ren arbetar han kvar hos Hagainitiativet, dock inte i en ut\u00e5triktad roll som generalsekreterare, utan med fokus p\u00e5 v\u00e5ra policyrapporter, omv\u00e4rldsbevakning och interna aktiviteter.\u00a0<\/strong><\/p>\n<p><span data-contrast=\"none\">Jakop har varit generalsekreterare sedan 7 januari 2025.\u00a0<\/span><span data-ccp-props=\"{}\">\u00a0<\/span><\/p>\n<p><span data-contrast=\"none\">- N\u00e4r jag klev p\u00e5 som generalsekreterare f\u00f6r Hagainitiativet s\u00e5 var det med intention f\u00f6r ett l\u00e5ngsiktigt engagemang. Och det har varit fantastiskt roligt att f\u00e5 arbeta b\u00e5de med Hagaf\u00f6retagen. Jag har p\u00e5 kort tid l\u00e4rt mig s\u00e5 mycket, framf\u00f6r allt av Nina Ekelund, som det varit ett n\u00f6je att samarbeta med. Jag \u00e4r s\u00e5 tacksam f\u00f6r den h\u00e4r m\u00f6jligheten, \u00e4ven om den blir kortare \u00e4n planerat, s\u00e4ger Jakop Dalunde.<\/span><\/p>\n<p><span data-contrast=\"none\">- Det gr\u00f6na n\u00e4ringslivet beh\u00f6ver en stark r\u00f6st, s\u00e5v\u00e4l i Sverige som i Bryssel, jag \u00f6nskar Nina Ekelund och resten av Hagateamet ett stort lycka till i framtiden, avslutar Jakop Dalunde.\u00a0<\/span><span data-ccp-props=\"{}\">\u00a0<\/span><\/p>\n<p><span data-contrast=\"none\">- Det har varit en f\u00f6rm\u00e5n att f\u00e5 arbeta med Jakop Dalunde, hans politiska erfarenhet framf\u00f6r allt kring EU har varit mycket v\u00e4rdefull. Vi b\u00f6rjade att samarbeta redan i september 2024 och Jakop har varit mycket uppskattad av b\u00e5de f\u00f6retagen och mig. Vi \u00f6nskar honom all lycka till fram\u00f6ver, s\u00e4ger Nina Ekelund.\u00a0<\/span><span data-ccp-props=\"{}\">\u00a0<\/span><\/p>\n<p><span data-contrast=\"none\">- Vi kommer att forts\u00e4tta med att fokusera p\u00e5 Sverige och EU. Inom kort kommer b\u00e5de en rapport inf\u00f6r det svenska valet och en rapport om EU.<\/span><span data-ccp-props=\"{}\">\u00a0<\/span><\/p>\n<p><span data-contrast=\"none\">Hagainitiativet har funnits i 15 \u00e5r och samlar f\u00f6retag som st\u00e5r bakom visionen ett l\u00f6nsamt n\u00e4ringsliv utan klimatp\u00e5verkan. Hagainitiativet \u00e4r politiskt obundet.\u00a0<\/span><span data-ccp-props=\"{}\">\u00a0<\/span><\/p>\n<p><b><span data-contrast=\"none\">Kontakt:<\/span><\/b><span data-ccp-props=\"{}\">\u00a0<\/span><\/p>\n<p><span data-contrast=\"none\">Jakop Dalunde mejl: <\/span><a href=\"mailto:jakop.dalunde@hagainitiativet.se\"><span data-contrast=\"none\">jakop.dalunde@hagainitiativet.se<\/span><\/a><br \/>\n<span data-contrast=\"none\">Nina Ekelund mejl: <\/span><a href=\"mailto:nina.ekelund@hagainitiativet.se\"><span data-contrast=\"none\">nina.ekelund@hagainitiativet.se<\/span><\/a><span data-contrast=\"none\">\u00a0<\/span><span data-ccp-props=\"{}\">\u00a0<\/span><\/p>\n","qoute":"","name":"","title-company":""},"_links":{"self":[{"href":"https:\/\/www.hagainitiativet.se\/en\/wp-json\/wp\/v2\/inlagg\/8961","targetHints":{"allow":["GET"]}}],"collection":[{"href":"https:\/\/www.hagainitiativet.se\/en\/wp-json\/wp\/v2\/inlagg"}],"about":[{"href":"https:\/\/www.hagainitiativet.se\/en\/wp-json\/wp\/v2\/types\/inlagg"}],"wp:featuredmedia":[{"embeddable":true,"href":"https:\/\/www.hagainitiativet.se\/en\/wp-json\/wp\/v2\/media\/8880"}],"wp:attachment":[{"href":"https:\/\/www.hagainitiativet.se\/en\/wp-json\/wp\/v2\/media?parent=8961"}],"wp:term":[{"taxonomy":"kategori","embeddable":true,"href":"https:\/\/www.hagainitiativet.se\/en\/wp-json\/wp\/v2\/kategori?post=8961"}],"curies":[{"name":"wp","href":"https:\/\/api.w.org\/{rel}","templated":true}]}}

<p><strong>Idag blev det offentligt att Hagainitiativets generalsekreterare Jakop Dalunde är föreslagen till nytt trafikregionråd i Stockholm. Om han blir vald så tillträder han i november. Under våren arbetar han kvar hos Hagainitiativet, dock inte i en utåtriktad roll som generalsekreterare, utan med fokus på våra policyrapporter, omvärldsbevakning och interna aktiviteter. </strong></p>
<p><span data-contrast="none">Jakop har varit generalsekreterare sedan 7 januari 2025. </span><span data-ccp-props="{}"> </span></p>
<p><span data-contrast="none">- När jag klev på som generalsekreterare för Hagainitiativet så var det med intention för ett långsiktigt engagemang. Och det har varit fantastiskt roligt att få arbeta både med Hagaföretagen. Jag har på kort tid lärt mig så mycket, framför allt av Nina Ekelund, som det varit ett nöje att samarbeta med. Jag är så tacksam för den här möjligheten, även om den blir kortare än planerat, säger Jakop Dalunde.</span></p>
<p><span data-contrast="none">- Det gröna näringslivet behöver en stark röst, såväl i Sverige som i Bryssel, jag önskar Nina Ekelund och resten av Hagateamet ett stort lycka till i framtiden, avslutar Jakop Dalunde. </span><span data-ccp-props="{}"> </span></p>
<p><span data-contrast="none">- Det har varit en förmån att få arbeta med Jakop Dalunde, hans politiska erfarenhet framför allt kring EU har varit mycket värdefull. Vi började att samarbeta redan i september 2024 och Jakop har varit mycket uppskattad av både företagen och mig. Vi önskar honom all lycka till framöver, säger Nina Ekelund. </span><span data-ccp-props="{}"> </span></p>
<p><span data-contrast="none">- Vi kommer att fortsätta med att fokusera på Sverige och EU. Inom kort kommer både en rapport inför det svenska valet och en rapport om EU.</span><span data-ccp-props="{}"> </span></p>
<p><span data-contrast="none">Hagainitiativet har funnits i 15 år och samlar företag som står bakom visionen ett lönsamt näringsliv utan klimatpåverkan. Hagainitiativet är politiskt obundet. </span><span data-ccp-props="{}"> </span></p>
<p><b><span data-contrast="none">Kontakt:</span></b><span data-ccp-props="{}"> </span></p>
<p><span data-contrast="none">Jakop Dalunde mejl: </span><a href="mailto:jakop.dalunde@hagainitiativet.se"><span data-contrast="none">jakop.dalunde@hagainitiativet.se</span></a><br />
<span data-contrast="none">Nina Ekelund mejl: </span><a href="mailto:nina.ekelund@hagainitiativet.se"><span data-contrast="none">nina.ekelund@hagainitiativet.se</span></a><span data-contrast="none"> </span><span data-ccp-props="{}"> </span></p>
