{"id":9007,"date":"2025-06-27T11:17:15","date_gmt":"2025-06-27T09:17:15","guid":{"rendered":"https:\/\/www.hagainitiativet.se\/?post_type=inlagg&#038;p=9007"},"modified":"2025-06-27T11:17:30","modified_gmt":"2025-06-27T09:17:30","slug":"missade-du-vart-seminarium-i-almedalen-finns-pa-youtube-nu","status":"publish","type":"inlagg","link":"https:\/\/www.hagainitiativet.se\/en\/inlagg\/missade-du-vart-seminarium-i-almedalen-finns-pa-youtube-nu\/","title":{"rendered":"Missade du v\u00e5rt seminarium i Almedalen? Finns p\u00e5 Youtube nu"},"content":{"rendered":"","protected":false},"excerpt":{"rendered":"","protected":false},"featured_media":9010,"parent":0,"template":"","kategori":[16],"class_list":["post-9007","inlagg","type-inlagg","status-publish","has-post-thumbnail","hentry","kategori-seminarier"],"meta_box":{"show_post_en":"0","text":"<p>Under Almedalen i \u00e5r arrangerade Hagainitiativet, tillsammans med Teknikf\u00f6retagen, Energif\u00f6retagen och Fossilfritt Sverige, seminariet\u00a0<em>Stark beredskap kr\u00e4ver gr\u00f6n utveckling.<\/em><\/p>\n<p>Sveriges civila beredskap och n\u00e4ringslivets gr\u00f6na utveckling st\u00e4rks b\u00e5da av fossilfri energi, robust elf\u00f6rs\u00f6rjning, resilient livsmedelssystem, transportsystem och cirkul\u00e4ra v\u00e4rdekedjor. D\u00e4rf\u00f6r beh\u00f6ver Sverige ha h\u00f6ga klimatambitioner och en politik som skapar konkurrenskraft, tillv\u00e4xt och jobb.<\/p>\n<p>Stort tack till alla medverkande och arrang\u00f6rer!<\/p>\n<p><span class=\"flex items-start gap-2\">Nina Ekelund, Ordf\u00f6rande, Hagainitiativet<\/span><\/p>\n<p><span class=\"flex items-start gap-2\">Svante Axelsson, Nationell samordnare, Fossilfritt Sverige<\/span><\/p>\n<p><span class=\"flex items-start gap-2\">Maria Rosendahl, N\u00e4ringspolitisk chef, Teknikf\u00f6retagen<\/span><\/p>\n<p><span class=\"flex items-start gap-2\">\u00c5sa Pettersson, Vd, Energif\u00f6retagen<\/span><\/p>\n<p><span class=\"flex items-start gap-2\">Max Knagge, Marknads- och f\u00f6rs\u00e4ljningsdirekt\u00f6r, Green Cargo<\/span><\/p>\n<p><span class=\"flex items-start gap-2\">Katarina Thorling, H\u00e5llbarhetschef, Preem<\/span><\/p>\n<p><span class=\"flex items-start gap-2\">Roland Nordin, Vd, \u00d6vik Energi<\/span><\/p>\n<p><span class=\"flex items-start gap-2\">\u00c5sa Domeij, H\u00e5llbarhetschef, Axfood<\/span><\/p>\n<p>Per Everhill, Ansvarig Public Affairs, Tekniska Verken<\/p>\n<p>Anders Berger, Director Public Affairs, AB Volvo<\/p>\n<p>Siros Jahanfar, Program Manager Sweden Growth, Hitachi Energy<\/p>\n<p><span class=\"flex items-start gap-2\">Isak From, Riksdagsledamot, S<\/span><\/p>\n<p><strong>Om du missade s\u00e4ndningen finns den att se p\u00e5 v\u00e5r Youtube-kanal <a href=\"https:\/\/youtu.be\/ic9s47WSZLw?si=fLxTliJ22YuYztHy\">h\u00e4r<\/a>.<\/strong><\/p>\n","qoute":"","name":"","title-company":""},"_links":{"self":[{"href":"https:\/\/www.hagainitiativet.se\/en\/wp-json\/wp\/v2\/inlagg\/9007","targetHints":{"allow":["GET"]}}],"collection":[{"href":"https:\/\/www.hagainitiativet.se\/en\/wp-json\/wp\/v2\/inlagg"}],"about":[{"href":"https:\/\/www.hagainitiativet.se\/en\/wp-json\/wp\/v2\/types\/inlagg"}],"wp:featuredmedia":[{"embeddable":true,"href":"https:\/\/www.hagainitiativet.se\/en\/wp-json\/wp\/v2\/media\/9010"}],"wp:attachment":[{"href":"https:\/\/www.hagainitiativet.se\/en\/wp-json\/wp\/v2\/media?parent=9007"}],"wp:term":[{"taxonomy":"kategori","embeddable":true,"href":"https:\/\/www.hagainitiativet.se\/en\/wp-json\/wp\/v2\/kategori?post=9007"}],"curies":[{"name":"wp","href":"https:\/\/api.w.org\/{rel}","templated":true}]}}

Missade du vårt seminarium i Almedalen? Finns på Youtube nu

<p>Under Almedalen i år arrangerade Hagainitiativet, tillsammans med Teknikföretagen, Energiföretagen och Fossilfritt Sverige, seminariet <em>Stark beredskap kräver grön utveckling.</em></p>
<p>Sveriges civila beredskap och näringslivets gröna utveckling stärks båda av fossilfri energi, robust elförsörjning, resilient livsmedelssystem, transportsystem och cirkulära värdekedjor. Därför behöver Sverige ha höga klimatambitioner och en politik som skapar konkurrenskraft, tillväxt och jobb.</p>
<p>Stort tack till alla medverkande och arrangörer!</p>
<p><span class="flex items-start gap-2">Nina Ekelund, Ordförande, Hagainitiativet</span></p>
<p><span class="flex items-start gap-2">Svante Axelsson, Nationell samordnare, Fossilfritt Sverige</span></p>
<p><span class="flex items-start gap-2">Maria Rosendahl, Näringspolitisk chef, Teknikföretagen</span></p>
<p><span class="flex items-start gap-2">Åsa Pettersson, Vd, Energiföretagen</span></p>
<p><span class="flex items-start gap-2">Max Knagge, Marknads- och försäljningsdirektör, Green Cargo</span></p>
<p><span class="flex items-start gap-2">Katarina Thorling, Hållbarhetschef, Preem</span></p>
<p><span class="flex items-start gap-2">Roland Nordin, Vd, Övik Energi</span></p>
<p><span class="flex items-start gap-2">Åsa Domeij, Hållbarhetschef, Axfood</span></p>
<p>Per Everhill, Ansvarig Public Affairs, Tekniska Verken</p>
<p>Anders Berger, Director Public Affairs, AB Volvo</p>
<p>Siros Jahanfar, Program Manager Sweden Growth, Hitachi Energy</p>
<p><span class="flex items-start gap-2">Isak From, Riksdagsledamot, S</span></p>
<p><strong>Om du missade sändningen finns den att se på vår Youtube-kanal <a href="https://youtu.be/ic9s47WSZLw?si=fLxTliJ22YuYztHy">här</a>.</strong></p>
