{"id":9046,"date":"2025-09-05T08:39:52","date_gmt":"2025-09-05T06:39:52","guid":{"rendered":"https:\/\/www.hagainitiativet.se\/?post_type=inlagg&#038;p=9046"},"modified":"2025-09-05T08:39:52","modified_gmt":"2025-09-05T06:39:52","slug":"nyhetsbrev-mars-5","status":"publish","type":"inlagg","link":"https:\/\/www.hagainitiativet.se\/en\/inlagg\/nyhetsbrev-mars-5\/","title":{"rendered":"Nyhetsbrev mars"},"content":{"rendered":"","protected":false},"excerpt":{"rendered":"","protected":false},"featured_media":9049,"parent":0,"template":"","kategori":[15],"class_list":["post-9046","inlagg","type-inlagg","status-publish","has-post-thumbnail","hentry","kategori-nyhetsbrev"],"meta_box":{"show_post_en":"0","text":"<ul>\n<li>Till och med Ukraina<\/li>\n<li>Aktuell H\u00e5llbarhet: \u201dDen gr\u00f6na omst\u00e4llningen st\u00e4rker Sveriges konkurrenskraft och sj\u00e4lvf\u00f6rs\u00f6rjning\u201d<\/li>\n<li>Missa inte kommande seminarium i Lund:\u00a0Fortsatt klimatomst\u00e4llning, \u00f6kad sj\u00e4lvf\u00f6rs\u00f6rjning och st\u00e4rkt f\u00f6rsvar<\/li>\n<li>MISSADE DU WEBBINARIET FRAMTIDEN F\u00d6R EU:s KLIMATPOLITIK? FINNS NU P\u00c5 YOUTUBE.<\/li>\n<li>Hagainitiativets ordf\u00f6rande kommenterar Klimatpolitiska r\u00e5dets rapport<\/li>\n<li>Supermilj\u00f6bloggen: Nina Ekelund: Kommer EU:s nya klimatinitiativ bli ett motmedel mot Trump<\/li>\n<\/ul>\n<p>L\u00e4s hela nyhetsbrevet <a href=\"https:\/\/mailchi.mp\/hagainitiativet\/nyhetsbrev-december2023ver2-7536281-oxh8uyriio-10971047?e=[UNIQID]\">h\u00e4r<\/a>.<\/p>\n<p>&nbsp;<\/p>\n","qoute":"","name":"","title-company":""},"_links":{"self":[{"href":"https:\/\/www.hagainitiativet.se\/en\/wp-json\/wp\/v2\/inlagg\/9046","targetHints":{"allow":["GET"]}}],"collection":[{"href":"https:\/\/www.hagainitiativet.se\/en\/wp-json\/wp\/v2\/inlagg"}],"about":[{"href":"https:\/\/www.hagainitiativet.se\/en\/wp-json\/wp\/v2\/types\/inlagg"}],"wp:featuredmedia":[{"embeddable":true,"href":"https:\/\/www.hagainitiativet.se\/en\/wp-json\/wp\/v2\/media\/9049"}],"wp:attachment":[{"href":"https:\/\/www.hagainitiativet.se\/en\/wp-json\/wp\/v2\/media?parent=9046"}],"wp:term":[{"taxonomy":"kategori","embeddable":true,"href":"https:\/\/www.hagainitiativet.se\/en\/wp-json\/wp\/v2\/kategori?post=9046"}],"curies":[{"name":"wp","href":"https:\/\/api.w.org\/{rel}","templated":true}]}}

<ul>
<li>Till och med Ukraina</li>
<li>Aktuell Hållbarhet: ”Den gröna omställningen stärker Sveriges konkurrenskraft och självförsörjning”</li>
<li>Missa inte kommande seminarium i Lund: Fortsatt klimatomställning, ökad självförsörjning och stärkt försvar</li>
<li>MISSADE DU WEBBINARIET FRAMTIDEN FÖR EU:s KLIMATPOLITIK? FINNS NU PÅ YOUTUBE.</li>
<li>Hagainitiativets ordförande kommenterar Klimatpolitiska rådets rapport</li>
<li>Supermiljöbloggen: Nina Ekelund: Kommer EU:s nya klimatinitiativ bli ett motmedel mot Trump</li>
</ul>
<p>Läs hela nyhetsbrevet <a href="https://mailchi.mp/hagainitiativet/nyhetsbrev-december2023ver2-7536281-oxh8uyriio-10971047?e=[UNIQID]">här</a>.</p>
<p>&nbsp;</p>
