{"id":9077,"date":"2025-09-23T10:11:24","date_gmt":"2025-09-23T08:11:24","guid":{"rendered":"https:\/\/www.hagainitiativet.se\/?post_type=inlagg&#038;p=9077"},"modified":"2025-09-24T09:25:49","modified_gmt":"2025-09-24T07:25:49","slug":"sveriges-konkurrenskraft-okar-med-offensiv-klimatpolitik","status":"publish","type":"inlagg","link":"https:\/\/www.hagainitiativet.se\/en\/inlagg\/sveriges-konkurrenskraft-okar-med-offensiv-klimatpolitik\/","title":{"rendered":"Sveriges konkurrenskraft \u00f6kar med offensiv klimatpolitik"},"content":{"rendered":"","protected":false},"excerpt":{"rendered":"","protected":false},"featured_media":9080,"parent":0,"template":"","kategori":[17],"class_list":["post-9077","inlagg","type-inlagg","status-publish","has-post-thumbnail","hentry","kategori-nyheter"],"meta_box":{"show_post_en":"0","text":"<p>Det \u00e4r nu ett \u00e5r kvar till riksdagsvalet 2026. Vi i f\u00f6retagsn\u00e4tverket Hagainitiativet vill skicka en uppmaning till alla politiska partier: G\u00f6r klimatpolitiken till en central del av er strategi f\u00f6r Sveriges framtida konkurrenskraft.<\/p>\n<p>Vi menar att det inte finns n\u00e5gon mots\u00e4ttning mellan klimatnytta och ekonomisk nytta, de kan f\u00f6renas. Integreras klimatomst\u00e4llningen dessutom med beredskapen blir Sverige s\u00e4krare, mer konkurrenskraftigt och bidrar till att klimatm\u00e5len i Sverige och EU kan n\u00e5s.<\/p>\n<p>I veckan skriver Simone Margelius, vd och koncernchef Axfood, Roland Nordin, vd \u00d6vik Energi, Mikael \u00c5slund, vd JM, Per Arfvidsson, vice vd Lantm\u00e4nnen, Sofie Eliasson Morsink, vd Coca-Cola Europacific Partners Sverige, Tobias Narvinger, vd Stena Recycling, Anders Fredriksson, vd L\u00f6fbergs tillsammans med ordf\u00f6rande Nina Ekelund i Dagens Industri.<\/p>\n<p>L\u00e4s hela debattartikeln <a href=\"https:\/\/www.di.se\/debatt\/sveriges-konkurrenskraft-okar-med-offensiv-klimatpolitik\/\">h\u00e4r<\/a>.<\/p>\n<p>&nbsp;<\/p>\n","qoute":"","name":"","title-company":""},"_links":{"self":[{"href":"https:\/\/www.hagainitiativet.se\/en\/wp-json\/wp\/v2\/inlagg\/9077","targetHints":{"allow":["GET"]}}],"collection":[{"href":"https:\/\/www.hagainitiativet.se\/en\/wp-json\/wp\/v2\/inlagg"}],"about":[{"href":"https:\/\/www.hagainitiativet.se\/en\/wp-json\/wp\/v2\/types\/inlagg"}],"wp:featuredmedia":[{"embeddable":true,"href":"https:\/\/www.hagainitiativet.se\/en\/wp-json\/wp\/v2\/media\/9080"}],"wp:attachment":[{"href":"https:\/\/www.hagainitiativet.se\/en\/wp-json\/wp\/v2\/media?parent=9077"}],"wp:term":[{"taxonomy":"kategori","embeddable":true,"href":"https:\/\/www.hagainitiativet.se\/en\/wp-json\/wp\/v2\/kategori?post=9077"}],"curies":[{"name":"wp","href":"https:\/\/api.w.org\/{rel}","templated":true}]}}

Sveriges konkurrenskraft ökar med offensiv klimatpolitik

<p>Det är nu ett år kvar till riksdagsvalet 2026. Vi i företagsnätverket Hagainitiativet vill skicka en uppmaning till alla politiska partier: Gör klimatpolitiken till en central del av er strategi för Sveriges framtida konkurrenskraft.</p>
<p>Vi menar att det inte finns någon motsättning mellan klimatnytta och ekonomisk nytta, de kan förenas. Integreras klimatomställningen dessutom med beredskapen blir Sverige säkrare, mer konkurrenskraftigt och bidrar till att klimatmålen i Sverige och EU kan nås.</p>
<p>I veckan skriver Simone Margelius, vd och koncernchef Axfood, Roland Nordin, vd Övik Energi, Mikael Åslund, vd JM, Per Arfvidsson, vice vd Lantmännen, Sofie Eliasson Morsink, vd Coca-Cola Europacific Partners Sverige, Tobias Narvinger, vd Stena Recycling, Anders Fredriksson, vd Löfbergs tillsammans med ordförande Nina Ekelund i Dagens Industri.</p>
<p>Läs hela debattartikeln <a href="https://www.di.se/debatt/sveriges-konkurrenskraft-okar-med-offensiv-klimatpolitik/">här</a>.</p>
<p>&nbsp;</p>
