{"id":9354,"date":"2026-04-07T11:28:35","date_gmt":"2026-04-07T09:28:35","guid":{"rendered":"https:\/\/www.hagainitiativet.se\/?post_type=inlagg&#038;p=9354"},"modified":"2026-04-07T11:28:36","modified_gmt":"2026-04-07T09:28:36","slug":"se-i-efterhand-klimatpolitiken-da-och-nu-vad-ar-det-basta-fran-20-talet-som-vi-tar-oss-med-in-i-30-talet","status":"publish","type":"inlagg","link":"https:\/\/www.hagainitiativet.se\/en\/inlagg\/se-i-efterhand-klimatpolitiken-da-och-nu-vad-ar-det-basta-fran-20-talet-som-vi-tar-oss-med-in-i-30-talet\/","title":{"rendered":"Se i efterhand: Klimatpolitiken d\u00e5 och nu \u2013 vad \u00e4r det b\u00e4sta fr\u00e5n 20-talet som vi tar oss med in i 30-talet?"},"content":{"rendered":"","protected":false},"excerpt":{"rendered":"","protected":false},"featured_media":9357,"parent":0,"template":"","kategori":[16],"class_list":["post-9354","inlagg","type-inlagg","status-publish","has-post-thumbnail","hentry","kategori-seminarier"],"meta_box":{"show_post_en":"0","text":"<p>Missade du v\u00e5rt senaste webbinarium \"Klimatpolitiken d\u00e5 och nu \u2013 vad \u00e4r det b\u00e4sta fr\u00e5n 20-talet som vi tar oss med in i 30-talet?\". D\u00e5 finns chansen att se det i efterhand p\u00e5 v\u00e5r Youtube-kanal <a href=\"https:\/\/www.youtube.com\/watch?v=mvA004SJVEU\">h\u00e4r<\/a>.<\/p>\n<p>F\u00f6retagen tycker att klimatpolitiken \u00e4r viktig \u2013 \u00e4r den det f\u00f6r politikerna? V\u00e4lkommen p\u00e5 ett samtal med f\u00f6retagsrepresentanter och politiker om betydelsen av klimatpolitiken det senaste decenniet och hur den beh\u00f6ver se ut det kommande decenniet f\u00f6r att st\u00e4rka n\u00e4ringslivets gr\u00f6na omst\u00e4llning.<\/p>\n<p><strong>Medverkande <\/strong><\/p>\n<p>Politiker<\/p>\n<p>Rickard Nordin, riksdagsledamot, Centerpartiet<\/p>\n<p>Katarina Luhr, riksdagsledamot, Milj\u00f6partiet<\/p>\n<p>Helena Storckenfeldt, riksdagsledamot, Moderaterna<\/p>\n<p>\u00c5sa Westlund, riksdagsledamot, Socialdemokraterna<\/p>\n<p>Helena Dyrssen, statssekreterare, Klimat- och n\u00e4ringslivsdepartementet, Liberalerna<\/p>\n<p>F\u00f6retagsrepresentanter<\/p>\n<p>Alarik Sandrup, n\u00e4ringspolitisk chef, Lantm\u00e4nnen<\/p>\n<p>\u00c5sa Domeij, h\u00e5llbarhetschef, Axfood<\/p>\n<p>Sara Davidsson, Sustainability &amp; Compliance Director, Stena Recycling<\/p>\n<p>Johanna Wikander, h\u00e5llbarhetschef, JM<\/p>\n<p>Katarina Thorling, head of Sustainability Scandinavia, VAROPreem<\/p>\n<p>Mattias Lindberg, marknadschef, \u00d6vik Energi<\/p>\n<p>Therese Sundberg, h\u00e5llbarhetschef, Coca-Cola Europacific Partners (Sverige)<\/p>\n<p>Moderator: Nina Ekelund, ordf\u00f6rande, Hagainitiativet<\/p>\n<p>&nbsp;<\/p>\n","qoute":"","name":"","title-company":""},"_links":{"self":[{"href":"https:\/\/www.hagainitiativet.se\/en\/wp-json\/wp\/v2\/inlagg\/9354","targetHints":{"allow":["GET"]}}],"collection":[{"href":"https:\/\/www.hagainitiativet.se\/en\/wp-json\/wp\/v2\/inlagg"}],"about":[{"href":"https:\/\/www.hagainitiativet.se\/en\/wp-json\/wp\/v2\/types\/inlagg"}],"wp:featuredmedia":[{"embeddable":true,"href":"https:\/\/www.hagainitiativet.se\/en\/wp-json\/wp\/v2\/media\/9357"}],"wp:attachment":[{"href":"https:\/\/www.hagainitiativet.se\/en\/wp-json\/wp\/v2\/media?parent=9354"}],"wp:term":[{"taxonomy":"kategori","embeddable":true,"href":"https:\/\/www.hagainitiativet.se\/en\/wp-json\/wp\/v2\/kategori?post=9354"}],"curies":[{"name":"wp","href":"https:\/\/api.w.org\/{rel}","templated":true}]}}

Se i efterhand: Klimatpolitiken då och nu – vad är det bästa från 20-talet som vi tar oss med in i 30-talet?

<p>Missade du vårt senaste webbinarium "Klimatpolitiken då och nu – vad är det bästa från 20-talet som vi tar oss med in i 30-talet?". Då finns chansen att se det i efterhand på vår Youtube-kanal <a href="https://www.youtube.com/watch?v=mvA004SJVEU">här</a>.</p>
<p>Företagen tycker att klimatpolitiken är viktig – är den det för politikerna? Välkommen på ett samtal med företagsrepresentanter och politiker om betydelsen av klimatpolitiken det senaste decenniet och hur den behöver se ut det kommande decenniet för att stärka näringslivets gröna omställning.</p>
<p><strong>Medverkande </strong></p>
<p>Politiker</p>
<p>Rickard Nordin, riksdagsledamot, Centerpartiet</p>
<p>Katarina Luhr, riksdagsledamot, Miljöpartiet</p>
<p>Helena Storckenfeldt, riksdagsledamot, Moderaterna</p>
<p>Åsa Westlund, riksdagsledamot, Socialdemokraterna</p>
<p>Helena Dyrssen, statssekreterare, Klimat- och näringslivsdepartementet, Liberalerna</p>
<p>Företagsrepresentanter</p>
<p>Alarik Sandrup, näringspolitisk chef, Lantmännen</p>
<p>Åsa Domeij, hållbarhetschef, Axfood</p>
<p>Sara Davidsson, Sustainability &amp; Compliance Director, Stena Recycling</p>
<p>Johanna Wikander, hållbarhetschef, JM</p>
<p>Katarina Thorling, head of Sustainability Scandinavia, VAROPreem</p>
<p>Mattias Lindberg, marknadschef, Övik Energi</p>
<p>Therese Sundberg, hållbarhetschef, Coca-Cola Europacific Partners (Sverige)</p>
<p>Moderator: Nina Ekelund, ordförande, Hagainitiativet</p>
<p>&nbsp;</p>
